{"id":8328,"date":"2024-08-30T22:51:12","date_gmt":"2024-08-30T20:51:12","guid":{"rendered":"https:\/\/nspj.wroclaw.pl\/new\/?page_id=8328"},"modified":"2024-09-07T22:05:27","modified_gmt":"2024-09-07T20:05:27","slug":"regulamin-domu-parafialnego-im-sw-jp-ii","status":"publish","type":"page","link":"https:\/\/nspj.wroclaw.pl\/new\/dom-parafialny-im-sw-jana-pawla-ii\/regulamin-domu-parafialnego-im-sw-jp-ii\/","title":{"rendered":"Regulamin Domu Parafialnego im. \u015aw. JP II"},"content":{"rendered":"<p><span style=\"color: #000000;\"><strong>Regulamin obowi\u0105zuj\u0105cy P.T. U\u017cytkownik\u00f3w Domu Parafialnego im. \u015aw. Jana Paw\u0142a II \u2013 Wroc\u0142aw-Paw\u0142owice<\/strong><\/span><\/p>\n<p><span style=\"color: #000000;\"><strong>&nbsp;<\/strong><\/span><\/p>\n<ol>\n<li><span style=\"color: #000000;\">Dom \u015aw. Jana Paw\u0142a II jest <strong>przestrzeni\u0105 \u017cycia dla wszystkich Parafian<\/strong>.<\/span><\/li>\n<li><span style=\"color: #000000;\">Z tej \u201eprzestrzeni \u017cycia\u201d <strong>korzysta\u0107 mo\u017cna jednak wy\u0142\u0105cznie w spos\u00f3b uporz\u0105dkowany. <\/strong><\/span><\/li>\n<li><span style=\"color: #000000;\">Domem parafialnym <strong>administruje Ks. Proboszcz i Rada Parafialna<\/strong>, przy wsparciu os\u00f3b do tego upowa\u017cnionych.<\/span><\/li>\n<li><span style=\"color: #000000;\">W pierwszej kolejno\u015bci z Domu parafialnego korzysta\u0107 mog\u0105 <strong>grupy i wsp\u00f3lnoty istniej\u0105ce na terenie Parafii<\/strong>, wg ustalonego kalendarza.<\/span><\/li>\n<li><span style=\"color: #000000;\"><strong>Wszystkie inne zaj\u0119cia<\/strong>, spotkania czy wydarzenia mog\u0105 si\u0119 odbywa\u0107 <strong>wg rezerwacji terminowej<\/strong>, jaka jest dokonywana przez osob\u0119 upowa\u017cnion\u0105, ale za wiedz\u0105 Ks. Proboszcza.<\/span><\/li>\n<li><span style=\"color: #000000;\"><strong>Organizatorzy<\/strong> wszelkich spotka\u0144 <strong>odpowiadaj\u0105 za czysto\u015b\u0107 i porz\u0105dek<\/strong> pozostawiony \u201epo sobie\u201d, a tak\u017ce ewentualne uszkodzenie wyposa\u017cenia.<\/span><\/li>\n<li><span style=\"color: #000000;\"><strong>G\u0142o\u015bna zabawa\/muzyka<\/strong> jest mo\u017cliwa <strong>wy\u0142\u0105cznie do g. 22.00<\/strong>, z uwagi na sta\u0142ych mieszka\u0144c\u00f3w tego Domu.<\/span><\/li>\n<li><span style=\"color: #000000;\"><strong>Nie nale\u017cy regulowa\u0107 \u201ena w\u0142asn\u0105 r\u0119k\u0119\u201d<\/strong> \u017cadnych urz\u0105dze\u0144 grzewczych ani klimatyzacyjnych.<\/span><\/li>\n<li><span style=\"color: #000000;\">W Domu <strong>nie wolno dokonywa\u0107 zmian<\/strong>, gdy chodzi o umeblowanie obiektu, ani wprowadza\u0107 element\u00f3w nie uzgodnionych z osob\u0105 odpowiedzialn\u0105 za poszczeg\u00f3lne sektory obiektu, czyli: Biblioteki, Auli, Kuchni, salki m\u0142odzie\u017cowej Oaza oraz Dekoratorni. &nbsp;&nbsp;<\/span><\/li>\n<li><span style=\"color: #000000;\">Pami\u0119tajmy, \u017ce <strong>spos\u00f3b korzystania<\/strong> z tego Domu powinien by\u0107 <strong>wyrazem naszej czci i szacunku dla Jego Patrona. <\/strong><\/span><\/li>\n<\/ol>\n<p><span style=\"color: #000000;\"><strong>DZI\u0118KUJEMY <\/strong>za zrozumienie tych regu\u0142 \u017cycia spo\u0142ecznego w takim szczeg\u00f3lnym miejscu, jakim jest Dom Parafialny im. \u015aw. Jana Paw\u0142a II. Prosi o to Ks. Proboszcz i Rada Parafialna.<\/span><\/p>\n<p>&nbsp;<\/p>\n<p style=\"text-align: left;\"><span style=\"color: #000000;\">Wroc\u0142aw, 18 maja 2024 r.<br \/>\n<\/span><span style=\"color: #000000;\">&nbsp;&nbsp;&nbsp;&nbsp;&nbsp;&nbsp;&nbsp;&nbsp;&nbsp;&nbsp;&nbsp;&nbsp;&nbsp;&nbsp;&nbsp;&nbsp;&nbsp;&nbsp;&nbsp;&nbsp;&nbsp;&nbsp;&nbsp;&nbsp;&nbsp;&nbsp;&nbsp;&nbsp;&nbsp;&nbsp;&nbsp;&nbsp;&nbsp;&nbsp;&nbsp;&nbsp;&nbsp;&nbsp;&nbsp;&nbsp;&nbsp;&nbsp;&nbsp;&nbsp;&nbsp;&nbsp;&nbsp;&nbsp;&nbsp;&nbsp;&nbsp;&nbsp;&nbsp;&nbsp;&nbsp;&nbsp;&nbsp;&nbsp;&nbsp;&nbsp;&nbsp;&nbsp;&nbsp;&nbsp;&nbsp;&nbsp;&nbsp;&nbsp;&nbsp; &nbsp; &nbsp; &nbsp; &nbsp; &nbsp; &nbsp; &nbsp; &nbsp; &nbsp; &nbsp; &nbsp; &nbsp; &nbsp; &nbsp; &nbsp; &nbsp; &nbsp; &nbsp; &nbsp; &nbsp; &nbsp; &nbsp; &nbsp; &nbsp; &nbsp; &nbsp; &nbsp; &nbsp; &nbsp; &nbsp; &nbsp; &nbsp; &nbsp; &nbsp; &nbsp; &nbsp; &nbsp; &nbsp; &nbsp; &nbsp; &nbsp; &nbsp; &nbsp; &nbsp; &nbsp; &nbsp; &nbsp; &nbsp; &nbsp; &nbsp; &nbsp; &nbsp; &nbsp; &nbsp; &nbsp; &nbsp; &nbsp; Ks. Proboszcz<\/span><\/p>\n","protected":false},"excerpt":{"rendered":"<p>Regulamin obowi\u0105zuj\u0105cy P.T. U\u017cytkownik\u00f3w Domu Parafialnego im. \u015aw. Jana Paw\u0142a II \u2013 Wroc\u0142aw-Paw\u0142owice &nbsp; Dom \u015aw. Jana Paw\u0142a II jest przestrzeni\u0105 \u017cycia dla wszystkich Parafian. Z tej \u201eprzestrzeni \u017cycia\u201d korzysta\u0107 mo\u017cna jednak wy\u0142\u0105cznie w spos\u00f3b uporz\u0105dkowany. Domem parafialnym administruje Ks. Proboszcz i Rada Parafialna, przy wsparciu os\u00f3b do tego upowa\u017cnionych. W pierwszej kolejno\u015bci z Domu&hellip; <br \/> <a class=\"read-more\" href=\"https:\/\/nspj.wroclaw.pl\/new\/dom-parafialny-im-sw-jana-pawla-ii\/regulamin-domu-parafialnego-im-sw-jp-ii\/\">Dowiedz si\u0119 wi\u0119cej<\/a><\/p>\n","protected":false},"author":1,"featured_media":0,"parent":3223,"menu_order":0,"comment_status":"closed","ping_status":"closed","template":"","meta":{"ngg_post_thumbnail":0,"footnotes":""},"class_list":["post-8328","page","type-page","status-publish","hentry"],"aioseo_notices":[],"_links":{"self":[{"href":"https:\/\/nspj.wroclaw.pl\/new\/wp-json\/wp\/v2\/pages\/8328","targetHints":{"allow":["GET"]}}],"collection":[{"href":"https:\/\/nspj.wroclaw.pl\/new\/wp-json\/wp\/v2\/pages"}],"about":[{"href":"https:\/\/nspj.wroclaw.pl\/new\/wp-json\/wp\/v2\/types\/page"}],"author":[{"embeddable":true,"href":"https:\/\/nspj.wroclaw.pl\/new\/wp-json\/wp\/v2\/users\/1"}],"replies":[{"embeddable":true,"href":"https:\/\/nspj.wroclaw.pl\/new\/wp-json\/wp\/v2\/comments?post=8328"}],"version-history":[{"count":2,"href":"https:\/\/nspj.wroclaw.pl\/new\/wp-json\/wp\/v2\/pages\/8328\/revisions"}],"predecessor-version":[{"id":8349,"href":"https:\/\/nspj.wroclaw.pl\/new\/wp-json\/wp\/v2\/pages\/8328\/revisions\/8349"}],"up":[{"embeddable":true,"href":"https:\/\/nspj.wroclaw.pl\/new\/wp-json\/wp\/v2\/pages\/3223"}],"wp:attachment":[{"href":"https:\/\/nspj.wroclaw.pl\/new\/wp-json\/wp\/v2\/media?parent=8328"}],"curies":[{"name":"wp","href":"https:\/\/api.w.org\/{rel}","templated":true}]}}

Regulamin Domu Parafialnego im. Św. JP II

<p><span style="color: #000000;"><strong>Regulamin obowiązujący P.T. Użytkowników Domu Parafialnego im. Św. Jana Pawła II – Wrocław-Pawłowice</strong></span></p>
<p><span style="color: #000000;"><strong>&nbsp;</strong></span></p>
<ol>
<li><span style="color: #000000;">Dom Św. Jana Pawła II jest <strong>przestrzenią życia dla wszystkich Parafian</strong>.</span></li>
<li><span style="color: #000000;">Z tej „przestrzeni życia” <strong>korzystać można jednak wyłącznie w sposób uporządkowany. </strong></span></li>
<li><span style="color: #000000;">Domem parafialnym <strong>administruje Ks. Proboszcz i Rada Parafialna</strong>, przy wsparciu osób do tego upoważnionych.</span></li>
<li><span style="color: #000000;">W pierwszej kolejności z Domu parafialnego korzystać mogą <strong>grupy i wspólnoty istniejące na terenie Parafii</strong>, wg ustalonego kalendarza.</span></li>
<li><span style="color: #000000;"><strong>Wszystkie inne zajęcia</strong>, spotkania czy wydarzenia mogą się odbywać <strong>wg rezerwacji terminowej</strong>, jaka jest dokonywana przez osobę upoważnioną, ale za wiedzą Ks. Proboszcza.</span></li>
<li><span style="color: #000000;"><strong>Organizatorzy</strong> wszelkich spotkań <strong>odpowiadają za czystość i porządek</strong> pozostawiony „po sobie”, a także ewentualne uszkodzenie wyposażenia.</span></li>
<li><span style="color: #000000;"><strong>Głośna zabawa/muzyka</strong> jest możliwa <strong>wyłącznie do g. 22.00</strong>, z uwagi na stałych mieszkańców tego Domu.</span></li>
<li><span style="color: #000000;"><strong>Nie należy regulować „na własną rękę”</strong> żadnych urządzeń grzewczych ani klimatyzacyjnych.</span></li>
<li><span style="color: #000000;">W Domu <strong>nie wolno dokonywać zmian</strong>, gdy chodzi o umeblowanie obiektu, ani wprowadzać elementów nie uzgodnionych z osobą odpowiedzialną za poszczególne sektory obiektu, czyli: Biblioteki, Auli, Kuchni, salki młodzieżowej Oaza oraz Dekoratorni. &nbsp;&nbsp;</span></li>
<li><span style="color: #000000;">Pamiętajmy, że <strong>sposób korzystania</strong> z tego Domu powinien być <strong>wyrazem naszej czci i szacunku dla Jego Patrona. </strong></span></li>
</ol>
<p><span style="color: #000000;"><strong>DZIĘKUJEMY </strong>za zrozumienie tych reguł życia społecznego w takim szczególnym miejscu, jakim jest Dom Parafialny im. Św. Jana Pawła II. Prosi o to Ks. Proboszcz i Rada Parafialna.</span></p>
<p>&nbsp;</p>
<p style="text-align: left;"><span style="color: #000000;">Wrocław, 18 maja 2024 r.<br />
</span><span style="color: #000000;">&nbsp;&nbsp;&nbsp;&nbsp;&nbsp;&nbsp;&nbsp;&nbsp;&nbsp;&nbsp;&nbsp;&nbsp;&nbsp;&nbsp;&nbsp;&nbsp;&nbsp;&nbsp;&nbsp;&nbsp;&nbsp;&nbsp;&nbsp;&nbsp;&nbsp;&nbsp;&nbsp;&nbsp;&nbsp;&nbsp;&nbsp;&nbsp;&nbsp;&nbsp;&nbsp;&nbsp;&nbsp;&nbsp;&nbsp;&nbsp;&nbsp;&nbsp;&nbsp;&nbsp;&nbsp;&nbsp;&nbsp;&nbsp;&nbsp;&nbsp;&nbsp;&nbsp;&nbsp;&nbsp;&nbsp;&nbsp;&nbsp;&nbsp;&nbsp;&nbsp;&nbsp;&nbsp;&nbsp;&nbsp;&nbsp;&nbsp;&nbsp;&nbsp;&nbsp; &nbsp; &nbsp; &nbsp; &nbsp; &nbsp; &nbsp; &nbsp; &nbsp; &nbsp; &nbsp; &nbsp; &nbsp; &nbsp; &nbsp; &nbsp; &nbsp; &nbsp; &nbsp; &nbsp; &nbsp; &nbsp; &nbsp; &nbsp; &nbsp; &nbsp; &nbsp; &nbsp; &nbsp; &nbsp; &nbsp; &nbsp; &nbsp; &nbsp; &nbsp; &nbsp; &nbsp; &nbsp; &nbsp; &nbsp; &nbsp; &nbsp; &nbsp; &nbsp; &nbsp; &nbsp; &nbsp; &nbsp; &nbsp; &nbsp; &nbsp; &nbsp; &nbsp; &nbsp; &nbsp; &nbsp; &nbsp; &nbsp; Ks. Proboszcz</span></p>

<p>Regulamin obowiązujący P.T. Użytkowników Domu Parafialnego im. Św. Jana Pawła II – Wrocław-Pawłowice &nbsp; Dom Św. Jana Pawła II jest przestrzenią życia dla wszystkich Parafian. Z tej „przestrzeni życia” korzystać można jednak wyłącznie w sposób uporządkowany. Domem parafialnym administruje Ks. Proboszcz i Rada Parafialna, przy wsparciu osób do tego upoważnionych. W pierwszej kolejności z Domu&hellip; <br /> <a class="read-more" href="https://nspj.wroclaw.pl/new/dom-parafialny-im-sw-jana-pawla-ii/regulamin-domu-parafialnego-im-sw-jp-ii/">Dowiedz się więcej</a></p>
