{"id":816,"date":"2021-08-05T22:49:18","date_gmt":"2021-08-05T20:49:18","guid":{"rendered":"http:\/\/nspj.wroclaw.pl\/new\/?page_id=816"},"modified":"2025-12-27T23:45:49","modified_gmt":"2025-12-27T22:45:49","slug":"zywy-rozaniec","status":"publish","type":"page","link":"https:\/\/nspj.wroclaw.pl\/new\/grupy-parafialne-2\/zywy-rozaniec\/","title":{"rendered":"\u017bywy R\u00f3\u017caniec"},"content":{"rendered":"<p><img loading=\"lazy\" decoding=\"async\" class=\"wp-image-851 size-full aligncenter\" src=\"https:\/\/nspj.wroclaw.pl\/new\/wp-content\/uploads\/2021\/08\/zw_logo.png\" alt=\"\" width=\"636\" height=\"144\" srcset=\"https:\/\/nspj.wroclaw.pl\/new\/wp-content\/uploads\/2021\/08\/zw_logo.png 636w, https:\/\/nspj.wroclaw.pl\/new\/wp-content\/uploads\/2021\/08\/zw_logo-300x68.png 300w\" sizes=\"auto, (max-width: 636px) 100vw, 636px\" \/><\/p>\n<p><span style=\"color: #000000;\"><strong>Spotkania<\/strong>:<br \/>\nPierwsza niedziela miesi\u0105ca<br \/>\nMsza \u015aw. o godz 8:00<\/span><\/p>\n<p><span style=\"color: #000080;\"><em>\u201eNiezliczone s\u0105 \u0142aski z nieba, kt\u00f3re otrzymano wskutek tej modlitwy. Za pomoc\u0105 R\u00f3\u017ca\u0144ca \u015bw. zwyci\u0119\u017cone zosta\u0142y herezje, naprawione obyczaje, oddalone zarazy, zako\u0144czone wojny, odzyskane oraz zachowane cnoty czysto\u015bci, a ponadto obronione dusze przed wszelkim zasadzkom szatana.\u201d<\/em><\/span><\/p>\n<p style=\"text-align: right;\"><span style=\"color: #000080;\"><em>\u015bw. Jan Bosko<\/em><\/span><\/p>\n<p style=\"text-align: left;\"><span style=\"color: #000000;\"><strong>Czym jest \u017bywy R\u00f3\u017caniec?<\/strong><\/span><\/p>\n<div>\n<div>\n<div>\n<p style=\"text-align: left;\"><span style=\"color: #000000;\">\u017bywy R\u00f3\u017caniec jest katolick\u0105 wsp\u00f3lnot\u0105 os\u00f3b, kt\u00f3re modl\u0105 si\u0119 codziennie na r\u00f3\u017ca\u0144cu. Kszta\u0142t wsp\u00f3lnoty jest uzale\u017cniony od samej modlitwy r\u00f3\u017ca\u0144cowej, w kt\u00f3rej rozwa\u017ca si\u0119 &nbsp;20 tajemnic z \u017cycia Jezusa i Maryi przy jednoczesnym odmawianiu przy ka\u017cdej tajemnicy jednego \u201cOjcze nasz\u201d 10 \u201cZdrowa\u015b Maryjo\u201d i jednego \u201cChwa\u0142a Ojcu\u201d.<\/span><\/p>\n<p style=\"text-align: left;\"><span style=\"color: #000000;\">Ka\u017cda \u201c\u017bywa R\u00f3\u017ca\u201d sk\u0142ada si\u0119 z 20 os\u00f3b, a ka\u017cda z nich odmawia codziennie jedn\u0105 tajemnic\u0119 r\u00f3\u017ca\u0144ca. Koniecznie jednak t\u0119, kt\u00f3ra zostaje powierzona do rozwa\u017cania i odmawiania raz w miesi\u0105cu, przy \u201czmianie tajemnic\u201d. Raz w miesi\u0105cu wszystkim cz\u0142onkom przydziela si\u0119 nowe tajemnice do odmawiania, w taki jednak spos\u00f3b, aby w jednej \u201c\u017bywej R\u00f3\u017cy\u201d by\u0142y ka\u017cdego dnia odm\u00f3wione wszystkie 4 cz\u0119\u015bci r\u00f3\u017ca\u0144ca. Tak wi\u0119c, nawet, gdy poszczeg\u00f3lni cz\u0142onkowie \u201c\u017bywej R\u00f3\u017cy\u201d odmawiaj\u0105 dziennie tylko jedn\u0105 tajemnic\u0119, to w ca\u0142ej R\u00f3\u017cy rozwa\u017cany jest ca\u0142y r\u00f3\u017caniec, czyli wszystkie cz\u0119\u015bci i tajemnice.<\/span><\/p>\n<p style=\"text-align: left;\"><span style=\"color: #000000;\">Bardzo istotne jest r\u00f3wnie\u017c to, \u017ce wszyscy cz\u0142onkowie R\u00f3\u017cy modl\u0105 si\u0119 w tej samej intencji, kt\u00f3ra jest r\u00f3wnie\u017c zmieniana raz w miesi\u0105cu.<\/span><\/p>\n<p style=\"text-align: left;\"><span style=\"color: #000000;\"><strong>Cz\u0142onkowie Wsp\u00f3lnoty \u017bywego R\u00f3\u017ca\u0144ca<\/strong><\/span><\/p>\n<p style=\"text-align: left;\"><span style=\"color: #000000;\">Do \u017bywego R\u00f3\u017ca\u0144ca mo\u017ce nale\u017ce\u0107 ka\u017cdy ochrzczony, kt\u00f3ry tego prawa nie zosta\u0142 pozbawiony przez prawo ko\u015bcielne. Przyst\u0105pienie do Wsp\u00f3lnoty nast\u0119puje przez wyra\u017cenie swej decyzji wobec zelatora\/zelatorki lub proboszcza. Przynale\u017cno\u015b\u0107 do \u017bywego R\u00f3\u017ca\u0144ca nie wyklucza przynale\u017cno\u015bci do innych stowarzysze\u0144 i ruch\u00f3w o charakterze modlitewnym, formacyjnym czy apostolskim.<\/span><\/p>\n<p style=\"text-align: left;\"><span style=\"color: #000000;\"><strong>Obowi\u0105zkiem ka\u017cdego cz\u0142onka wsp\u00f3lnoty \u017bywego R\u00f3\u017ca\u0144ca jest:<\/strong><\/span><\/p>\n<ul style=\"text-align: left;\">\n<li><span style=\"color: #000000;\">codzienne rozwa\u017canie jednej wyznaczonej tajemnicy r\u00f3\u017ca\u0144ca \u015bwi\u0119tego,<\/span><\/li>\n<li><span style=\"color: #000000;\">udzia\u0142 w comiesi\u0119cznym spotkaniu formacyjnym po\u0142\u0105czonym ze zmian\u0105 tajemnic,<\/span><\/li>\n<li><span style=\"color: #000000;\">uczestnictwo w \u017cyciu sakramentalnym Ko\u015bcio\u0142a,<\/span><\/li>\n<li><span style=\"color: #000000;\">rozszerzanie czci Naj\u015bwi\u0119tszej Maryi Panny przyk\u0142adem \u017cycia i dzia\u0142alno\u015bci\u0105 apostolsk\u0105,<\/span><\/li>\n<li><span style=\"color: #000000;\">odwa\u017cne stawanie w obronie wiary,<\/span><\/li>\n<li><span style=\"color: #000000;\">udzia\u0142 w pogrzebie cz\u0142onka \u017bywego R\u00f3\u017ca\u0144ca nale\u017c\u0105cego do tej samej r\u00f3\u017cy.<\/span><\/li>\n<\/ul>\n<\/div>\n<\/div>\n<\/div>\n<p style=\"text-align: left;\"><span style=\"color: #000000;\"><b>Spotkanie R\u00f3\u017c r\u00f3\u017ca\u0144cowych odbywaj\u0105 si\u0119 w pierwsz\u0105 niedziel\u0119 miesi\u0105ca na Mszy \u015bw. o godz. 8:00.&nbsp;<\/b> Eucharystia sprawowana jest w intencji cz\u0142onk\u00f3w \u017bywego R\u00f3\u017ca\u0144ca oraz za ich rodziny.&nbsp;Po Mszy \u015bw. kap\u0142an podaje wsp\u00f3ln\u0105 intencj\u0119 og\u00f3ln\u0105 i misyjn\u0105 na dany miesi\u0105c oraz nast\u0119puje wymiana tajemnic r\u00f3\u017ca\u0144cowych.<\/span><\/p>\n<p style=\"text-align: left;\"><span style=\"color: #000000;\"><strong>Aby zapisa\u0107 si\u0119 do wsp\u00f3lnoty \u017bywego R\u00f3\u017ca\u0144ca prosimy o kontakt osobisty z zelatorami (np. w niedziel\u0119, po zmianie tajemnic) lub poprzez ksi\u0119\u017cy z naszej parafii.<\/strong><\/span><\/p>\n<p style=\"text-align: left;\"><span style=\"color: #000000;\">R\u00f3\u017ce r\u00f3\u017ca\u0144cowe w naszej parafii:<\/span><\/p>\n<p style=\"text-align: left;\"><span style=\"color: #000000;\">I &#8211; Naj\u015bwi\u0119tszego Serca Pana Jezusa<\/span><\/p>\n<p style=\"text-align: left;\"><span style=\"color: #000000;\">II &#8211; Matki Boskiej R\u00f3\u017ca\u0144cowej<\/span><\/p>\n<p style=\"text-align: left;\"><span style=\"color: #000000;\">III &#8211; Naj\u015bwi\u0119tszej Maryi Panny Nieustaj\u0105cej Pomocy<\/span><\/p>\n<p style=\"text-align: left;\"><span style=\"color: #000000;\">IV &#8211; \u015aw. Maksymiliana<\/span><\/p>\n<p style=\"text-align: left;\"><span style=\"color: #000000;\"><img loading=\"lazy\" decoding=\"async\" class=\"alignnone wp-image-818 size-full\" src=\"https:\/\/nspj.wroclaw.pl\/new\/wp-content\/uploads\/2021\/08\/Historia-Rozanca-Swietego.jpg\" alt=\"\" width=\"566\" height=\"733\" srcset=\"https:\/\/nspj.wroclaw.pl\/new\/wp-content\/uploads\/2021\/08\/Historia-Rozanca-Swietego.jpg 566w, https:\/\/nspj.wroclaw.pl\/new\/wp-content\/uploads\/2021\/08\/Historia-Rozanca-Swietego-232x300.jpg 232w\" sizes=\"auto, (max-width: 566px) 100vw, 566px\" \/><\/span><\/p>\n<p style=\"text-align: left;\"><span style=\"color: #000000;\"><strong>Przywileje cz\u0142onk\u00f3w \u017bywego R\u00f3\u017ca\u0144ca<\/strong><\/span><\/p>\n<p style=\"text-align: left;\"><span style=\"color: #000000;\">Ka\u017cdy z cz\u0142onk\u00f3w \u017bywego R\u00f3\u017ca\u0144ca, na podstawie przywileju udzielonego przez Stolic\u0119 Apostolsk\u0105 (Dekret Penitencjarii Apostolskiej z dnia 25.10.1967), mo\u017ce uzyska\u0107 odpust zupe\u0142ny (darowanie kary czy\u015b\u0107cowej) pod zwyk\u0142ymi warunkami (stan \u0142aski u\u015bwi\u0119caj\u0105cej, przyj\u0119cie w danym dniu Komunii \u015bw., odm\u00f3wienie Wierz\u0119 w Boga, Ojcze nasz i Zdrowa\u015b Maryjo w intencjach ojca \u015bw.).<\/span><\/p>\n<p style=\"text-align: left;\"><span style=\"color: #000000;\"><strong>Dni uzyskania odpustu zupe\u0142nego:<\/strong><\/span><\/p>\n<p style=\"text-align: left;\"><span style=\"color: #000000;\">1. Dzie\u0144 przyj\u0119cia do Stowarzyszenia \u017bywego R\u00f3\u017ca\u0144ca<\/span><\/p>\n<p style=\"text-align: left;\"><span style=\"color: #000000;\">2. Uroczysto\u015b\u0107 Narodzenia Pa\u0144skiego (25 grudnia)<\/span><\/p>\n<p style=\"text-align: left;\"><span style=\"color: #000000;\">3. \u015awi\u0119to Ofiarowania Pa\u0144skiego (2 lutego)<\/span><\/p>\n<p style=\"text-align: left;\"><span style=\"color: #000000;\">4. Uroczysto\u015b\u0107 Zmartwychwstania Pa\u0144skiego (data ruchoma)<\/span><\/p>\n<p style=\"text-align: left;\"><span style=\"color: #000000;\">5. Uroczysto\u015b\u0107 Zwiastowania Pa\u0144skiego (25 marca)<\/span><\/p>\n<p style=\"text-align: left;\"><span style=\"color: #000000;\">6. Uroczysto\u015b\u0107 Wniebowzi\u0119cia Naj\u015bwi\u0119tszej Maryi Panny (15 sierpnia)<\/span><\/p>\n<p style=\"text-align: left;\"><span style=\"color: #000000;\">7. Wspomnienie Naj\u015bwi\u0119tszej Maryi Panny R\u00f3\u017ca\u0144cowej (7 pa\u017adziernika)<\/span><\/p>\n<p style=\"text-align: left;\"><span style=\"color: #000000;\">8. Uroczysto\u015b\u0107 Niepokalanego Pocz\u0119cia Naj\u015bwi\u0119tszej Maryi Panny (8 grudnia)<\/span><\/p>\n<p>&nbsp;<\/p>\n<p style=\"text-align: left;\"><span style=\"color: #000000;\"><strong>Obietnice r\u00f3\u017ca\u0144cowe przekazane przez Matk\u0119 Bo\u017c\u0105 b\u0142. Alanowi z La Roche<\/strong><\/span><\/p>\n<p style=\"text-align: left;\"><span style=\"color: #000000;\">1. Wszyscy, kt\u00f3rzy wiernie Mi s\u0142u\u017cy\u0107 b\u0119d\u0105 odmawiaj\u0105c R\u00f3\u017caniec \u015bw. otrzymaj\u0105 pewn\u0105 szczeg\u00f3ln\u0105 \u0142ask\u0119<\/span><\/p>\n<p style=\"text-align: left;\"><span style=\"color: #000000;\">2. Wszystkim odmawiaj\u0105cym pobo\u017cnie m\u00f3j R\u00f3\u017caniec przyrzekam Moj\u0105 szczeg\u00f3lniejsz\u0105 opiek\u0119 i wielkie \u0142aski<\/span><\/p>\n<p style=\"text-align: left;\"><span style=\"color: #000000;\">3. R\u00f3\u017caniec b\u0119dzie najpot\u0119\u017cniejsz\u0105 broni\u0105 przeciw piek\u0142u, wyniszczy po\u017c\u0105dliwo\u015bci, usunie grzechy, wyt\u0119pi herezje<\/span><\/p>\n<p style=\"text-align: left;\"><span style=\"color: #000000;\">4. Cnoty i \u015bwi\u0119te czyny zakwitn\u0105 &#8211; najobfitsze zmi\u0142owanie uzyska dla dusz od Boga; serca ludzkie odwr\u00f3ci od pr\u00f3\u017cnej mi\u0142o\u015bci \u015bwiata, a poci\u0105gnie do mi\u0142o\u015bci Boga i podniesie je do pragnienia rzeczy wiecznych; o, ile\u017c dusz u\u015bwi\u0119ci ta modlitwa<\/span><\/p>\n<p style=\"text-align: left;\"><span style=\"color: #000000;\">5. Dusza, kt\u00f3ra poleca Mi si\u0119 przez R\u00f3\u017caniec &#8211; nie zginie<\/span><\/p>\n<p style=\"text-align: left;\"><span style=\"color: #000000;\">6. Ktokolwiek odmawia\u0107 b\u0119dzie pobo\u017cnie R\u00f3\u017caniec \u015bw., rozwa\u017caj\u0105c r\u00f3wnocze\u015bnie Tajemnice \u015awi\u0119te nie dozna nieszcz\u0119\u015b\u0107, nie do\u015bwiadczy gniewu Bo\u017cego, nie umrze nag\u0142\u0105 \u015bmierci\u0105; nawr\u00f3ci si\u0119, je\u015bli jest grzesznikiem, je\u015bli za\u015b sprawiedliwym &#8211; wytrwa w \u0142asce i osi\u0105gnie \u017cycie wieczne<\/span><\/p>\n<p style=\"text-align: left;\"><span style=\"color: #000000;\">7. Prawdziwi czciciele Mego R\u00f3\u017ca\u0144ca nie umr\u0105 bez Sakrament\u00f3w \u015awi\u0119tych<\/span><\/p>\n<p style=\"text-align: left;\"><span style=\"color: #000000;\">8. Chc\u0119, aby odmawiaj\u0105cy M\u00f3j R\u00f3\u017caniec, mieli w \u017cyciu i przy \u015bmierci \u015bwiat\u0142o i pe\u0142ni\u0119 \u0142ask, aby w \u017cyciu i przy \u015bmierci uczestniczyli w zas\u0142ugach \u015awi\u0119tych<\/span><\/p>\n<p style=\"text-align: left;\"><span style=\"color: #000000;\">9. Codziennie uwalniam z czy\u015b\u0107ca dusze, kt\u00f3re Mnie czci\u0142y modlitw\u0105 r\u00f3\u017ca\u0144cow\u0105<\/span><\/p>\n<p style=\"text-align: left;\"><span style=\"color: #000000;\">10. Prawdziwi synowie Mego R\u00f3\u017ca\u0144ca osi\u0105gn\u0105 wielk\u0105 chwa\u0142\u0119 w niebie<\/span><\/p>\n<p style=\"text-align: left;\"><span style=\"color: #000000;\">11. O cokolwiek przez R\u00f3\u017caniec prosi\u0107 b\u0119dziesz &#8211; otrzymasz<\/span><\/p>\n<p style=\"text-align: left;\"><span style=\"color: #000000;\">12. Rozszerzaj\u0105cym M\u00f3j R\u00f3\u017caniec przyb\u0119d\u0119 z pomoc\u0105 w ka\u017cdej potrzebie<\/span><\/p>\n<p style=\"text-align: left;\"><span style=\"color: #000000;\">13. Uzyska\u0142am u Syna Mojego, aby wpisani do Bractwa Mojego R\u00f3\u017ca\u0144ca &#8211; mieli w \u017cyciu i przy \u015bmierci za braci wszystkich mieszka\u0144c\u00f3w nieba<\/span><\/p>\n<p style=\"text-align: left;\"><span style=\"color: #000000;\">14. Odmawiaj\u0105cy M\u00f3j R\u00f3\u017caniec s\u0105 Moimi dzie\u0107mi, a bra\u0107mi Jezusa Chrystusa, Syna Mojego Jednorodzonego<\/span><\/p>\n<p style=\"text-align: left;\"><span style=\"color: #000000;\">15. Nabo\u017ce\u0144stwo do Mego R\u00f3\u017ca\u0144ca jest wielkim znakiem przeznaczenia do Nieba<\/span><\/p>\n<p><img loading=\"lazy\" decoding=\"async\" class=\"alignnone size-full wp-image-5899\" src=\"https:\/\/nspj.wroclaw.pl\/new\/wp-content\/uploads\/2023\/05\/1684527284656.jpg\" alt=\"\" width=\"564\" height=\"790\" srcset=\"https:\/\/nspj.wroclaw.pl\/new\/wp-content\/uploads\/2023\/05\/1684527284656.jpg 564w, https:\/\/nspj.wroclaw.pl\/new\/wp-content\/uploads\/2023\/05\/1684527284656-214x300.jpg 214w, https:\/\/nspj.wroclaw.pl\/new\/wp-content\/uploads\/2023\/05\/1684527284656-428x600.jpg 428w, https:\/\/nspj.wroclaw.pl\/new\/wp-content\/uploads\/2023\/05\/1684527284656-114x160.jpg 114w\" sizes=\"auto, (max-width: 564px) 100vw, 564px\" \/><\/p>\n<hr>\n<hr>\n<h3 style=\"text-align: center;\"><strong><span style=\"color: #000080;\">Intencje Papieskie 2026<\/span><\/strong><\/h3>\n<p><span style=\"color: #000000;\"><strong>STYCZE\u0143<\/strong><\/span><\/p>\n<p><span style=\"color: #000000;\"><strong>O umiej\u0119tno\u015b\u0107 modlitwy s\u0142owem Bo\u017cym<\/strong><\/span><br \/>\n<span style=\"color: #000000;\">M\u00f3dlmy si\u0119, aby modlitwa s\u0142owem Bo\u017cym sta\u0142a si\u0119 pokarmem naszego \u017cycia i \u017ar\u00f3d\u0142em nadziei we wsp\u00f3lnotach, pomagaj\u0105c nam budowa\u0107 Ko\u015bci\u00f3\u0142 braterski i misyjny.<\/span><\/p>\n<p><span style=\"color: #000000;\"><strong>LUTY<\/strong><\/span><\/p>\n<p><span style=\"color: #000000;\"><strong>Za nieuleczalnie chore dzieci<\/strong><\/span><br \/>\n<span style=\"color: #000000;\">M\u00f3dlmy si\u0119, aby nieuleczalnie chore dzieci i ich rodziny otrzyma\u0142y pomoc medyczn\u0105 i wsparcie oraz nigdy nie traci\u0142y si\u0142y i nadziei.<\/span><\/p>\n<p><span style=\"color: #000000;\"><strong>MARZEC<\/strong><\/span><\/p>\n<p><span style=\"color: #000000;\"><strong>O rozbrojenie i pok\u00f3j<\/strong><\/span><br \/>\n<span style=\"color: #000000;\">M\u00f3dlmy si\u0119, aby narody rozpocz\u0119\u0142y proces rozbrojenia, rezygnuj\u0105c zw\u0142aszcza z broni nuklearnej, a \u015bwiatowi przyw\u00f3dcy wybrali drog\u0119 dialogu i dyplomacji zamiast przemocy.<\/span><\/p>\n<p><span style=\"color: #000000;\"><strong>KWIECIE\u0143<\/strong><\/span><\/p>\n<p><span style=\"color: #000000;\"><strong>Za kap\u0142an\u00f3w w kryzysie<\/strong><\/span><br \/>\n<span style=\"color: #000000;\">M\u00f3dlmy si\u0119 za kap\u0142an\u00f3w prze\u017cywaj\u0105cych kryzys powo\u0142ania, aby do\u015bwiadczyli wspieraj\u0105cej obecno\u015bci, zrozumienia i modlitwy wsp\u00f3lnoty.<\/span><\/p>\n<p><span style=\"color: #000000;\"><strong>MAJ<\/strong><\/span><\/p>\n<p><span style=\"color: #000000;\"><strong>O po\u017cywienie dla wszystkich<\/strong><\/span><br \/>\n<span style=\"color: #000000;\">M\u00f3dlmy si\u0119, aby wszyscy, od wielkich producent\u00f3w po zwyk\u0142ych konsument\u00f3w, unikali marnowania \u017cywno\u015bci i aby ka\u017cdy cz\u0142owiek mia\u0142 dost\u0119p do zdrowej \u017cywno\u015bci.<\/span><\/p>\n<p><span style=\"color: #000000;\"><strong>CZERWIEC<\/strong><\/span><\/p>\n<p><span style=\"color: #000000;\"><strong>O promocj\u0119 warto\u015bci przez sport<\/strong><\/span><br \/>\n<span style=\"color: #000000;\">M\u00f3dlmy si\u0119, aby sport sta\u0142 si\u0119 narz\u0119dziem pokoju, spotkania i dialogu mi\u0119dzy kulturami oraz narodami, a tak\u017ce by promowa\u0142 takie warto\u015bci, jak szacunek, solidarno\u015b\u0107 i rozw\u00f3j osobisty.<\/span><\/p>\n<p><span style=\"color: #000000;\"><strong>LIPIEC<\/strong><\/span><\/p>\n<p><span style=\"color: #000000;\"><strong>O szacunek dla ludzkiego \u017cycia<\/strong><\/span><br \/>\n<span style=\"color: #000000;\">M\u00f3dlmy si\u0119 o szacunek i ochron\u0119 ludzkiego \u017cycia na wszystkich jego etapach, a tak\u017ce by by\u0142o ono uznawane za dar Boga.<\/span><\/p>\n<p><span style=\"color: #000000;\"><strong>SIERPIE\u0143<\/strong><\/span><\/p>\n<p><span style=\"color: #000000;\"><strong>Za ewangelizacj\u0119 w wielkich miastach<\/strong><\/span><br \/>\n<span style=\"color: #000000;\">M\u00f3dlmy si\u0119, aby\u015bmy znale\u017ali nowe formy ewangelizacji wielkich miast \u2013 tak cz\u0119sto naznaczonych anonimowo\u015bci\u0105 i samotno\u015bci\u0105 \u2013 oraz tw\u00f3rcze metody budowania wsp\u00f3lnoty.<\/span><\/p>\n<p><span style=\"color: #000000;\"><strong>WRZESIE\u0143<\/strong><\/span><\/p>\n<p><span style=\"color: #000000;\"><strong>O oszcz\u0119dne gospodarowanie wod\u0105<\/strong><\/span><br \/>\n<span style=\"color: #000000;\">M\u00f3dlmy si\u0119 o sprawiedliwe i oszcz\u0119dne gospodarowanie niezb\u0119dn\u0105 do \u017cycia wod\u0105 i by wszyscy mieli do niej \u0142atwy dost\u0119p.<\/span><\/p>\n<p><span style=\"color: #000000;\"><strong>PA\u0179DZIERNIK<\/strong><\/span><\/p>\n<p><span style=\"color: #000000;\"><strong>Za duszpasterstwo zdrowia psychicznego<\/strong><\/span><br \/>\n<span style=\"color: #000000;\">M\u00f3dlmy si\u0119, aby wsparcie duszpasterskie os\u00f3b z zaburzeniami psychicznymi pomog\u0142o im zbli\u017cy\u0107 si\u0119 do Ko\u015bcio\u0142a i pokona\u0107 napi\u0119tnowanie spo\u0142eczne lub dyskryminacj\u0119.<\/span><\/p>\n<p><span style=\"color: #000000;\"><strong>LISTOPAD<\/strong><\/span><\/p>\n<p><span style=\"color: #000000;\"><strong>O w\u0142a\u015bciwe wykorzystanie d\u00f3br materialnych<\/strong><\/span><br \/>\n<span style=\"color: #000000;\">M\u00f3dlmy si\u0119 o w\u0142a\u015bciwe wykorzystanie d\u00f3br materialnych, aby\u015bmy nie ulegali pokusie egoizmu, ale s\u0142u\u017cyli swoimi zasobami dla wsp\u00f3lnego dobra oraz byli solidarni z ubo\u017cszymi od nas.<\/span><\/p>\n<p><span style=\"color: #000000;\"><strong>GRUDZIE\u0143<\/strong><\/span><\/p>\n<p><span style=\"color: #000000;\"><strong>Za samotnie wychowuj\u0105cych dzieci<\/strong> <\/span><br \/>\n<span style=\"color: #000000;\">M\u00f3dlmy si\u0119 za rodziny do\u015bwiadczaj\u0105ce nieobecno\u015bci matki lub ojca, aby znalaz\u0142y w Ko\u015bciele pomoc i wsp\u00f3lnot\u0119, a w wierze \u2013 oparcie i si\u0142\u0119 w trudnych chwilach.<\/span><\/p>\n<p>&nbsp;<\/p>\n","protected":false},"excerpt":{"rendered":"<p>Spotkania: Pierwsza niedziela miesi\u0105ca Msza \u015aw. o godz 8:00 \u201eNiezliczone s\u0105 \u0142aski z nieba, kt\u00f3re otrzymano wskutek tej modlitwy. Za pomoc\u0105 R\u00f3\u017ca\u0144ca \u015bw. zwyci\u0119\u017cone zosta\u0142y herezje, naprawione obyczaje, oddalone zarazy, zako\u0144czone wojny, odzyskane oraz zachowane cnoty czysto\u015bci, a ponadto obronione dusze przed wszelkim zasadzkom szatana.\u201d \u015bw. Jan Bosko Czym jest \u017bywy R\u00f3\u017caniec? \u017bywy R\u00f3\u017caniec jest&hellip; <br \/> <a class=\"read-more\" href=\"https:\/\/nspj.wroclaw.pl\/new\/grupy-parafialne-2\/zywy-rozaniec\/\">Dowiedz si\u0119 wi\u0119cej<\/a><\/p>\n","protected":false},"author":1,"featured_media":0,"parent":887,"menu_order":1,"comment_status":"closed","ping_status":"closed","template":"","meta":{"ngg_post_thumbnail":0,"footnotes":""},"class_list":["post-816","page","type-page","status-publish","hentry"],"aioseo_notices":[],"_links":{"self":[{"href":"https:\/\/nspj.wroclaw.pl\/new\/wp-json\/wp\/v2\/pages\/816","targetHints":{"allow":["GET"]}}],"collection":[{"href":"https:\/\/nspj.wroclaw.pl\/new\/wp-json\/wp\/v2\/pages"}],"about":[{"href":"https:\/\/nspj.wroclaw.pl\/new\/wp-json\/wp\/v2\/types\/page"}],"author":[{"embeddable":true,"href":"https:\/\/nspj.wroclaw.pl\/new\/wp-json\/wp\/v2\/users\/1"}],"replies":[{"embeddable":true,"href":"https:\/\/nspj.wroclaw.pl\/new\/wp-json\/wp\/v2\/comments?post=816"}],"version-history":[{"count":37,"href":"https:\/\/nspj.wroclaw.pl\/new\/wp-json\/wp\/v2\/pages\/816\/revisions"}],"predecessor-version":[{"id":854,"href":"https:\/\/nspj.wroclaw.pl\/new\/wp-json\/wp\/v2\/pages\/816\/revisions\/854"}],"up":[{"embeddable":true,"href":"https:\/\/nspj.wroclaw.pl\/new\/wp-json\/wp\/v2\/pages\/887"}],"wp:attachment":[{"href":"https:\/\/nspj.wroclaw.pl\/new\/wp-json\/wp\/v2\/media?parent=816"}],"curies":[{"name":"wp","href":"https:\/\/api.w.org\/{rel}","templated":true}]}}