{"id":2031,"date":"2021-09-29T21:00:49","date_gmt":"2021-09-29T19:00:49","guid":{"rendered":"https:\/\/nspj.wroclaw.pl\/new\/?page_id=2031"},"modified":"2022-06-27T14:43:03","modified_gmt":"2022-06-27T12:43:03","slug":"kosciol-domowy","status":"publish","type":"page","link":"https:\/\/nspj.wroclaw.pl\/new\/grupy-parafialne-2\/kosciol-domowy\/","title":{"rendered":"Ko\u015bci\u00f3\u0142 Domowy"},"content":{"rendered":"<p><span style=\"color: #000000;\"><a style=\"color: #000000;\" href=\"https:\/\/nspj.wroclaw.pl\/new\/wp-content\/uploads\/2021\/09\/KD.png\"><img loading=\"lazy\" decoding=\"async\" class=\"size-full wp-image-2032 aligncenter\" src=\"https:\/\/nspj.wroclaw.pl\/new\/wp-content\/uploads\/2021\/09\/KD.png\" alt=\"\" width=\"512\" height=\"101\" srcset=\"https:\/\/nspj.wroclaw.pl\/new\/wp-content\/uploads\/2021\/09\/KD.png 512w, https:\/\/nspj.wroclaw.pl\/new\/wp-content\/uploads\/2021\/09\/KD-300x59.png 300w\" sizes=\"auto, (max-width: 512px) 100vw, 512px\" \/><\/a><\/span><\/p>\n<p>&nbsp;<\/p>\n<p><span style=\"color: #000000;\"><strong>&nbsp;W 2006 r., dzi\u0119ki kilku rodzinom osiedla, powsta\u0142 na Paw\u0142owicach pierwszy kr\u0105g Ko\u015bcio\u0142a Domowego Oazy Rodzin. Domowy Ko\u015bci\u00f3\u0142 to wsp\u00f3lnota rodzin w ramach Ruchu \u015awiat\u0142o-\u017bycie. <\/strong><\/span><\/p>\n<p><span style=\"color: #000000;\">&nbsp;Rodzina w czasach dzisiejszych znajduje si\u0119 pod wp\u0142ywem rozleg\u0142ych, g\u0142\u0119bokich, szybkich przemian spo\u0142ecznych i kulturowych. Wiele rodzin prze\u017cywa ten stan, dochowuj\u0105c wierno\u015bci tym warto\u015bciom, kt\u00f3re stanowi\u0105 fundament instytucji rodzinnej \u2013 inne stan\u0119\u0142y niepewne i zagubione wobec swych zada\u0144, a niekt\u00f3re zw\u0105tpi\u0142y i zatraci\u0142y \u015bwiadomo\u015b\u0107 znaczenia \u017cycia w sakramentalnym zwi\u0105zku ma\u0142\u017ce\u0144skim i rodzinnym. W rodzinie uczymy si\u0119 kocha\u0107, rozr\u00f3\u017cnia\u0107 dobro od z\u0142a, uczymy si\u0119 modli\u0107 i poznawa\u0107 Boga. Rodzina jest wi\u0119c ma\u0142ym Ko\u015bcio\u0142em. Mo\u017cemy wi\u0119c powiedzie\u0107, \u017ce rodzina jest \u201eDomowym Ko\u015bcio\u0142em\u201d.<\/span><\/p>\n<p><span style=\"color: #000000;\">&nbsp;W ramach Ruchu \u015awiat\u0142o-\u017bycie, tak\u017ce na Paw\u0142owicach, Domowy Ko\u015bci\u00f3\u0142 rozwija si\u0119 jako wsp\u00f3lnota rodzin \u2013 nazwana r\u00f3wnie\u017c oaz\u0105 rodzin czy kr\u0119gami rodzin. Co to jest Ruch \u015awiat\u0142o-\u017bycie? Powsta\u0142 on z inicjatywy s\u0142ugi Bo\u017cego ks. Franciszka Blachnickiego (1921\u20131987) na bazie posoborowej odnowy Ko\u015bcio\u0142a. Ko\u015bci\u00f3\u0142 to nie tylko hierarchia ko\u015bcielna, siostry zakonne czy ksi\u0119\u017ca. Ko\u015bci\u00f3\u0142 to my wszyscy, ludzie ochrzczeni, kt\u00f3rzy uczestniczymy w jego \u017cyciu.<\/span><\/p>\n<p><span style=\"color: #000000;\"><a style=\"color: #000000;\" href=\"https:\/\/nspj.wroclaw.pl\/new\/wp-content\/uploads\/2021\/09\/kdlogo-e1632942411706.png\"><img loading=\"lazy\" decoding=\"async\" class=\"aligncenter wp-image-2033\" src=\"https:\/\/nspj.wroclaw.pl\/new\/wp-content\/uploads\/2021\/09\/kdlogo-e1632942411706.png\" alt=\"\" width=\"349\" height=\"400\" srcset=\"https:\/\/nspj.wroclaw.pl\/new\/wp-content\/uploads\/2021\/09\/kdlogo-e1632942411706.png 528w, https:\/\/nspj.wroclaw.pl\/new\/wp-content\/uploads\/2021\/09\/kdlogo-e1632942411706-261x300.png 261w\" sizes=\"auto, (max-width: 349px) 100vw, 349px\" \/><\/a><\/span><span style=\"color: #000000;\">&nbsp; Znakiem Ruchu \u015awiat\u0142o-\u017bycie s\u0105 przedstawione dwa greckie s\u0142owa: \u0424\u03a9\u03a3 i \u0396\u03a9\u0397 (\u015awiat\u0142o i \u017bycie) wpisane w znak krzy\u017ca. Znak ten, a zarazem nazwa Ruchu, wyra\u017ca jego istot\u0119 i cel: \u015bwiat\u0142o Ewangelii wprowadzone w \u017cycie ka\u017cdej rodziny. \u201eDomowy Ko\u015bci\u00f3\u0142\u201d, do kt\u00f3rego nale\u017c\u0105 rodziny z Parafii Paw\u0142owice, zwraca szczeg\u00f3ln\u0105 uwag\u0119 na duchowo\u015b\u0107 ma\u0142\u017ce\u0144sk\u0105. Jest to d\u0105\u017cenie do bycia bli\u017cej Boga w jedno\u015bci ze wsp\u00f3\u0142ma\u0142\u017conkiem (co w dzisiejszych czasach jest bardzo trudne, ale mo\u017cliwe). Domowy Ko\u015bci\u00f3\u0142 pomaga we wsp\u00f3lnym d\u0105\u017ceniu do dobra, wychowywania dzieci w duchu chrze\u015bcija\u0144skim. Rodziny na Paw\u0142owicach, kt\u00f3re s\u0105 na tej drodze, d\u0105\u017c\u0105 do odnowy ma\u0142\u017ce\u0144stwa przez: czytanie i rozwa\u017canie S\u0142owa Bo\u017cego, tak by ono stawa\u0142o si\u0119 drogowskazem w \u017cyciu; codzienn\u0105 modlitw\u0119 \u2013 jako osobiste spotkanie i rozmow\u0119 z Chrystusem, naszym Zbawicielem. Comiesi\u0119czne spotkania kr\u0119gu Domowego Ko\u015bcio\u0142a s\u0105 na Paw\u0142owicach w miejscu i o czasie uzgodnionym wsp\u00f3lnie przez ma\u0142\u017conk\u00f3w.<\/span><\/p>\n<p><span style=\"color: #000000;\">&nbsp;Zapraszamy wszystkie rodziny do tworzenia kolejnych kr\u0119g\u00f3w (4-7 rodzin) Domowego Ko\u015bcio\u0142a. Zg\u0142oszenia ch\u0119ci uczestnictwa prosimy kierowa\u0107 do ks. Micha\u0142a, kt\u00f3ry jest moderatorem istniej\u0105cego kr\u0119gu na Paw\u0142owicach.<\/span><\/p>\n<p>&nbsp;<\/p>\n","protected":false},"excerpt":{"rendered":"<p>&nbsp; &nbsp;W 2006 r., dzi\u0119ki kilku rodzinom osiedla, powsta\u0142 na Paw\u0142owicach pierwszy kr\u0105g Ko\u015bcio\u0142a Domowego Oazy Rodzin. Domowy Ko\u015bci\u00f3\u0142 to wsp\u00f3lnota rodzin w ramach Ruchu \u015awiat\u0142o-\u017bycie. &nbsp;Rodzina w czasach dzisiejszych znajduje si\u0119 pod wp\u0142ywem rozleg\u0142ych, g\u0142\u0119bokich, szybkich przemian spo\u0142ecznych i kulturowych. Wiele rodzin prze\u017cywa ten stan, dochowuj\u0105c wierno\u015bci tym warto\u015bciom, kt\u00f3re stanowi\u0105 fundament instytucji rodzinnej&hellip; <br \/> <a class=\"read-more\" href=\"https:\/\/nspj.wroclaw.pl\/new\/grupy-parafialne-2\/kosciol-domowy\/\">Dowiedz si\u0119 wi\u0119cej<\/a><\/p>\n","protected":false},"author":1,"featured_media":0,"parent":887,"menu_order":0,"comment_status":"closed","ping_status":"closed","template":"","meta":{"ngg_post_thumbnail":0,"footnotes":""},"class_list":["post-2031","page","type-page","status-publish","hentry"],"aioseo_notices":[],"_links":{"self":[{"href":"https:\/\/nspj.wroclaw.pl\/new\/wp-json\/wp\/v2\/pages\/2031","targetHints":{"allow":["GET"]}}],"collection":[{"href":"https:\/\/nspj.wroclaw.pl\/new\/wp-json\/wp\/v2\/pages"}],"about":[{"href":"https:\/\/nspj.wroclaw.pl\/new\/wp-json\/wp\/v2\/types\/page"}],"author":[{"embeddable":true,"href":"https:\/\/nspj.wroclaw.pl\/new\/wp-json\/wp\/v2\/users\/1"}],"replies":[{"embeddable":true,"href":"https:\/\/nspj.wroclaw.pl\/new\/wp-json\/wp\/v2\/comments?post=2031"}],"version-history":[{"count":12,"href":"https:\/\/nspj.wroclaw.pl\/new\/wp-json\/wp\/v2\/pages\/2031\/revisions"}],"predecessor-version":[{"id":3450,"href":"https:\/\/nspj.wroclaw.pl\/new\/wp-json\/wp\/v2\/pages\/2031\/revisions\/3450"}],"up":[{"embeddable":true,"href":"https:\/\/nspj.wroclaw.pl\/new\/wp-json\/wp\/v2\/pages\/887"}],"wp:attachment":[{"href":"https:\/\/nspj.wroclaw.pl\/new\/wp-json\/wp\/v2\/media?parent=2031"}],"curies":[{"name":"wp","href":"https:\/\/api.w.org\/{rel}","templated":true}]}}