{"id":1879,"date":"2021-09-11T22:15:12","date_gmt":"2021-09-11T20:15:12","guid":{"rendered":"https:\/\/nspj.wroclaw.pl\/new\/?page_id=1879"},"modified":"2025-02-08T21:27:29","modified_gmt":"2025-02-08T20:27:29","slug":"chor-parafialny-laudate-dominum","status":"publish","type":"page","link":"https:\/\/nspj.wroclaw.pl\/new\/grupy-parafialne-2\/chor-parafialny-laudate-dominum\/","title":{"rendered":"Ch\u00f3r Parafialny Laudate Dominum"},"content":{"rendered":"<h3 style=\"text-align: center;\"><span style=\"color: #000000;\">CH\u00d3R PARAFIALNY LAUDATE DOMINUM<\/span><\/h3>\n<p><span style=\"color: #000000;\"><strong>Spotkania:<br \/>\n<\/strong>Ch\u00f3r standardowo odbywa pr\u00f3by w ko\u015bciele,<br \/>\n<\/span><span style=\"color: #000000;\"> w poniedzia\u0142ki i \u015brody o godzinie 19.00<\/span>.<\/p>\n<p>&nbsp;<\/p>\n<p><span style=\"color: #000000;\">G\u0142\u00f3wnym inicjatorem za\u0142o\u017cenia Ch\u00f3ru by\u0142 ksi\u0105dz proboszcz Parafii Naj\u015bwi\u0119tszego Serca Pana Jezusa we Wroc\u0142awiu-Paw\u0142owicach dr Micha\u0142 Macha\u0142. To On rozmawia\u0142 bezpo\u015brednio z przysz\u0142\u0105 dyrygentk\u0105 o pomy\u015ble za\u0142o\u017cenia zespo\u0142u, nak\u0142ania\u0142 do odwagi i akceptowa\u0142 jej wst\u0119pne za\u0142o\u017cenia.<\/span><\/p>\n<p><span style=\"color: #000000;\">Dyrygentka do\u015b\u0107 d\u0142ugo si\u0119 waha\u0142a, rozmy\u015bla\u0142a, zastanawia\u0142a nad s\u0142uszno\u015bci\u0105 pro\u015bby skierowanej w\u0142a\u015bnie w jej stron\u0119. Mia\u0142a do\u015bwiadczenie w \u015bpiewaniu w ch\u00f3rach, bra\u0142a udzia\u0142 w wielu wydarzeniach artystycznych Wroc\u0142awia, Polski, Europy i \u015bwiata jako ch\u00f3rzystka, ale dyrygent? Nigdy wcze\u015bniej.<\/span><\/p>\n<p><span style=\"color: #000000;\">Podj\u0119\u0142a wyzwanie. Przekonana wewn\u0119trznie, \u017ce tak w\u0142a\u015bnie ma by\u0107.<\/span><\/p>\n<p><span style=\"color: #000000;\">Z za\u0142o\u017cenia chcia\u0142a stworzy\u0107 zesp\u00f3\u0142 ludzi, kt\u00f3rzy chc\u0105. Chc\u0105 \u015bpiewa\u0107, chc\u0105 ze sob\u0105 przebywa\u0107, chc\u0105 si\u0119 ze sob\u0105 modli\u0107, chc\u0105 robi\u0107 co\u015b wa\u017cnego nie tylko dla siebie. Zupe\u0142nie nieistotna by\u0142a kwestia wykszta\u0142cenia muzycznego, zesp\u00f3\u0142 od pocz\u0105tku jest otwarty dla ludzi lubi\u0105cych i chc\u0105cych \u015bpiewa\u0107. To jest jego g\u0142\u00f3wna si\u0142a.<\/span><\/p>\n<p><span style=\"color: #000000;\">By\u0142 28 pa\u017adziernika 2009 roku. Pierwsza pr\u00f3ba. Pierwsze starcie. Pierwsza weryfikacja tego, co za\u0142o\u017cy\u0142a sobie na samym pocz\u0105tku.<\/span><\/p>\n<p><span style=\"color: #000000;\">Os\u00f3b, w por\u00f3wnaniu do dzisiejszego sk\u0142adu zespo\u0142u, by\u0142o niewiele, ale wtedy w\u0142a\u015bnie zacz\u0105\u0142 si\u0119 zupe\u0142nie inny czas w jej \u017cyciu. I w \u017cyciu ludzi, kt\u00f3rzy do\u0142\u0105czali z pr\u00f3by na pr\u00f3b\u0119 do sk\u0142adu pocz\u0105tkowego.<\/span><\/p>\n<p><span style=\"color: #000000;\">Wypali\u0142o. Dzisiaj \u015bmia\u0142o mo\u017cna to napisa\u0107.<\/span><\/p>\n<p><span style=\"color: #000000;\">Spotkali si\u0119 ludzie z pasj\u0105. Wra\u017cliwi na muzyk\u0119 &#8211; to oczywiste, ale r\u00f3wnie\u017c na modlitw\u0119, wiar\u0119, Ducha, ludzi, wra\u017cliwi na samych siebie. Tym wygrywaj\u0105. To powoduje, \u017ce dwa razy w tygodniu znajduj\u0105 czas i si\u0142\u0119 na wsp\u00f3lne pr\u00f3by. Po\u015bwi\u0119cony czas wolny, rodzinny, przekszta\u0142caj\u0105 w ci\u0119\u017ck\u0105 prac\u0119, \u017ceby na ko\u0144cu za\u015bpiewa\u0107 najlepiej jak potrafi\u0105. Na chwa\u0142\u0119 Pana.<\/span><\/p>\n<p><span style=\"color: #000000;\">Ch\u00f3r bardzo ch\u0119tnie wita nowych cz\u0142onk\u00f3w, w ka\u017cdym wieku. Wa\u017cne, \u017ceby chcie\u0107 !<\/span><\/p>\n<p><span style=\"color: #000000;\">Anna Ma\u0142aczy\u0144ska, dyrygent<\/span><\/p>\n<div id=\"attachment_8982\" style=\"width: 810px\" class=\"wp-caption alignnone\"><img loading=\"lazy\" decoding=\"async\" aria-describedby=\"caption-attachment-8982\" class=\"wp-image-8982\" src=\"https:\/\/nspj.wroclaw.pl\/new\/wp-content\/uploads\/2025\/02\/12.12.15_ffa8bb58-300x225.jpg\" alt=\"\" width=\"800\" height=\"600\" srcset=\"https:\/\/nspj.wroclaw.pl\/new\/wp-content\/uploads\/2025\/02\/12.12.15_ffa8bb58-300x225.jpg 300w, https:\/\/nspj.wroclaw.pl\/new\/wp-content\/uploads\/2025\/02\/12.12.15_ffa8bb58-1024x768.jpg 1024w, https:\/\/nspj.wroclaw.pl\/new\/wp-content\/uploads\/2025\/02\/12.12.15_ffa8bb58-768x576.jpg 768w, https:\/\/nspj.wroclaw.pl\/new\/wp-content\/uploads\/2025\/02\/12.12.15_ffa8bb58-600x450.jpg 600w, https:\/\/nspj.wroclaw.pl\/new\/wp-content\/uploads\/2025\/02\/12.12.15_ffa8bb58-213x160.jpg 213w, https:\/\/nspj.wroclaw.pl\/new\/wp-content\/uploads\/2025\/02\/12.12.15_ffa8bb58.jpg 1265w\" sizes=\"auto, (max-width: 800px) 100vw, 800px\" \/><p id=\"caption-attachment-8982\" class=\"wp-caption-text\">Koncert Kol\u0119d, stycze\u0144 2025<\/p><\/div>\n<p>&nbsp;<\/p>\n<div id=\"attachment_8740\" style=\"width: 810px\" class=\"wp-caption alignnone\"><img loading=\"lazy\" decoding=\"async\" aria-describedby=\"caption-attachment-8740\" class=\"wp-image-8740\" src=\"https:\/\/nspj.wroclaw.pl\/new\/wp-content\/uploads\/2024\/12\/IMG-20241111-WA0000-1024x745.jpg\" alt=\"\" width=\"800\" height=\"582\" srcset=\"https:\/\/nspj.wroclaw.pl\/new\/wp-content\/uploads\/2024\/12\/IMG-20241111-WA0000-1024x745.jpg 1024w, https:\/\/nspj.wroclaw.pl\/new\/wp-content\/uploads\/2024\/12\/IMG-20241111-WA0000-300x218.jpg 300w, https:\/\/nspj.wroclaw.pl\/new\/wp-content\/uploads\/2024\/12\/IMG-20241111-WA0000-768x559.jpg 768w, https:\/\/nspj.wroclaw.pl\/new\/wp-content\/uploads\/2024\/12\/IMG-20241111-WA0000-1536x1117.jpg 1536w, https:\/\/nspj.wroclaw.pl\/new\/wp-content\/uploads\/2024\/12\/IMG-20241111-WA0000-600x436.jpg 600w, https:\/\/nspj.wroclaw.pl\/new\/wp-content\/uploads\/2024\/12\/IMG-20241111-WA0000-220x160.jpg 220w, https:\/\/nspj.wroclaw.pl\/new\/wp-content\/uploads\/2024\/12\/IMG-20241111-WA0000-1485x1080.jpg 1485w, https:\/\/nspj.wroclaw.pl\/new\/wp-content\/uploads\/2024\/12\/IMG-20241111-WA0000.jpg 1599w\" sizes=\"auto, (max-width: 800px) 100vw, 800px\" \/><p id=\"caption-attachment-8740\" class=\"wp-caption-text\">Koncert Pie\u015bni Patriotycznych, listopad 2024<\/p><\/div>\n<div id=\"attachment_8259\" style=\"width: 810px\" class=\"wp-caption alignnone\"><img loading=\"lazy\" decoding=\"async\" aria-describedby=\"caption-attachment-8259\" class=\"wp-image-8259\" src=\"https:\/\/nspj.wroclaw.pl\/new\/wp-content\/uploads\/2024\/07\/Koncert-dziekczynno-uwielbieniowy-czerwiec-2024-1024x768.jpg\" alt=\"\" width=\"800\" height=\"600\" srcset=\"https:\/\/nspj.wroclaw.pl\/new\/wp-content\/uploads\/2024\/07\/Koncert-dziekczynno-uwielbieniowy-czerwiec-2024-1024x768.jpg 1024w, https:\/\/nspj.wroclaw.pl\/new\/wp-content\/uploads\/2024\/07\/Koncert-dziekczynno-uwielbieniowy-czerwiec-2024-300x225.jpg 300w, https:\/\/nspj.wroclaw.pl\/new\/wp-content\/uploads\/2024\/07\/Koncert-dziekczynno-uwielbieniowy-czerwiec-2024-768x576.jpg 768w, https:\/\/nspj.wroclaw.pl\/new\/wp-content\/uploads\/2024\/07\/Koncert-dziekczynno-uwielbieniowy-czerwiec-2024-600x450.jpg 600w, https:\/\/nspj.wroclaw.pl\/new\/wp-content\/uploads\/2024\/07\/Koncert-dziekczynno-uwielbieniowy-czerwiec-2024-213x160.jpg 213w, https:\/\/nspj.wroclaw.pl\/new\/wp-content\/uploads\/2024\/07\/Koncert-dziekczynno-uwielbieniowy-czerwiec-2024.jpg 1200w\" sizes=\"auto, (max-width: 800px) 100vw, 800px\" \/><p id=\"caption-attachment-8259\" class=\"wp-caption-text\">Koncert dzi\u0119kczynno-uwielbieniowy, czerwiec 2024<\/p><\/div>\n<div id=\"attachment_8244\" style=\"width: 810px\" class=\"wp-caption alignnone\"><img loading=\"lazy\" decoding=\"async\" aria-describedby=\"caption-attachment-8244\" class=\"wp-image-8244\" src=\"https:\/\/nspj.wroclaw.pl\/new\/wp-content\/uploads\/2024\/06\/Koncert-Koled-styczen-2024-1024x768.jpg\" alt=\"\" width=\"800\" height=\"600\" srcset=\"https:\/\/nspj.wroclaw.pl\/new\/wp-content\/uploads\/2024\/06\/Koncert-Koled-styczen-2024-1024x768.jpg 1024w, https:\/\/nspj.wroclaw.pl\/new\/wp-content\/uploads\/2024\/06\/Koncert-Koled-styczen-2024-300x225.jpg 300w, https:\/\/nspj.wroclaw.pl\/new\/wp-content\/uploads\/2024\/06\/Koncert-Koled-styczen-2024-768x576.jpg 768w, https:\/\/nspj.wroclaw.pl\/new\/wp-content\/uploads\/2024\/06\/Koncert-Koled-styczen-2024-600x450.jpg 600w, https:\/\/nspj.wroclaw.pl\/new\/wp-content\/uploads\/2024\/06\/Koncert-Koled-styczen-2024-213x160.jpg 213w, https:\/\/nspj.wroclaw.pl\/new\/wp-content\/uploads\/2024\/06\/Koncert-Koled-styczen-2024.jpg 1152w\" sizes=\"auto, (max-width: 800px) 100vw, 800px\" \/><p id=\"caption-attachment-8244\" class=\"wp-caption-text\">Koncert Kol\u0119d, stycze\u0144 2024<\/p><\/div>\n<div id=\"attachment_7441\" style=\"width: 810px\" class=\"wp-caption alignnone\"><a href=\"https:\/\/nspj.wroclaw.pl\/new\/wp-content\/uploads\/2024\/01\/Koncert-Piesni-Patriotycznych-2023.jpg\"><img loading=\"lazy\" decoding=\"async\" aria-describedby=\"caption-attachment-7441\" class=\"wp-image-7441\" title=\"Koncert Pie\u015bni Patriotycznych, listopad 2023\" src=\"https:\/\/nspj.wroclaw.pl\/new\/wp-content\/uploads\/2024\/01\/Koncert-Piesni-Patriotycznych-2023-1024x681.jpg\" alt=\"\" width=\"800\" height=\"532\" srcset=\"https:\/\/nspj.wroclaw.pl\/new\/wp-content\/uploads\/2024\/01\/Koncert-Piesni-Patriotycznych-2023-1024x681.jpg 1024w, https:\/\/nspj.wroclaw.pl\/new\/wp-content\/uploads\/2024\/01\/Koncert-Piesni-Patriotycznych-2023-300x200.jpg 300w, https:\/\/nspj.wroclaw.pl\/new\/wp-content\/uploads\/2024\/01\/Koncert-Piesni-Patriotycznych-2023-768x511.jpg 768w, https:\/\/nspj.wroclaw.pl\/new\/wp-content\/uploads\/2024\/01\/Koncert-Piesni-Patriotycznych-2023-600x399.jpg 600w, https:\/\/nspj.wroclaw.pl\/new\/wp-content\/uploads\/2024\/01\/Koncert-Piesni-Patriotycznych-2023-241x160.jpg 241w, https:\/\/nspj.wroclaw.pl\/new\/wp-content\/uploads\/2024\/01\/Koncert-Piesni-Patriotycznych-2023-272x182.jpg 272w, https:\/\/nspj.wroclaw.pl\/new\/wp-content\/uploads\/2024\/01\/Koncert-Piesni-Patriotycznych-2023.jpg 1200w\" sizes=\"auto, (max-width: 800px) 100vw, 800px\" \/><\/a><p id=\"caption-attachment-7441\" class=\"wp-caption-text\">Koncert Pie\u015bni Patriotycznych, listopad 2023<\/p><\/div>\n<div id=\"attachment_6423\" style=\"width: 810px\" class=\"wp-caption alignnone\"><a href=\"https:\/\/nspj.wroclaw.pl\/new\/wp-content\/uploads\/2023\/07\/Koncert-Koled-29.01.2023.jpg\"><img loading=\"lazy\" decoding=\"async\" aria-describedby=\"caption-attachment-6423\" class=\"wp-image-6423\" src=\"https:\/\/nspj.wroclaw.pl\/new\/wp-content\/uploads\/2023\/07\/Koncert-Koled-29.01.2023-1024x681.jpg\" alt=\"\" width=\"800\" height=\"532\" srcset=\"https:\/\/nspj.wroclaw.pl\/new\/wp-content\/uploads\/2023\/07\/Koncert-Koled-29.01.2023-1024x681.jpg 1024w, https:\/\/nspj.wroclaw.pl\/new\/wp-content\/uploads\/2023\/07\/Koncert-Koled-29.01.2023-300x199.jpg 300w, https:\/\/nspj.wroclaw.pl\/new\/wp-content\/uploads\/2023\/07\/Koncert-Koled-29.01.2023-768x511.jpg 768w, https:\/\/nspj.wroclaw.pl\/new\/wp-content\/uploads\/2023\/07\/Koncert-Koled-29.01.2023-1536x1021.jpg 1536w, https:\/\/nspj.wroclaw.pl\/new\/wp-content\/uploads\/2023\/07\/Koncert-Koled-29.01.2023-600x399.jpg 600w, https:\/\/nspj.wroclaw.pl\/new\/wp-content\/uploads\/2023\/07\/Koncert-Koled-29.01.2023-241x160.jpg 241w, https:\/\/nspj.wroclaw.pl\/new\/wp-content\/uploads\/2023\/07\/Koncert-Koled-29.01.2023-1625x1080.jpg 1625w, https:\/\/nspj.wroclaw.pl\/new\/wp-content\/uploads\/2023\/07\/Koncert-Koled-29.01.2023-272x182.jpg 272w, https:\/\/nspj.wroclaw.pl\/new\/wp-content\/uploads\/2023\/07\/Koncert-Koled-29.01.2023.jpg 1805w\" sizes=\"auto, (max-width: 800px) 100vw, 800px\" \/><\/a><p id=\"caption-attachment-6423\" class=\"wp-caption-text\">Koncert Kol\u0119d, 29.01.2023<\/p><\/div>\n<div id=\"attachment_4311\" style=\"width: 810px\" class=\"wp-caption alignnone\"><a href=\"https:\/\/nspj.wroclaw.pl\/new\/wp-content\/uploads\/2022\/11\/IMG20221106135553_01.jpg\"><img loading=\"lazy\" decoding=\"async\" aria-describedby=\"caption-attachment-4311\" class=\"wp-image-4311\" title=\"Koncert Pie\u015bni Patriotycznych, listopad 2022\" src=\"https:\/\/nspj.wroclaw.pl\/new\/wp-content\/uploads\/2022\/11\/IMG20221106135553_01.jpg\" alt=\"\" width=\"800\" height=\"600\" srcset=\"https:\/\/nspj.wroclaw.pl\/new\/wp-content\/uploads\/2022\/11\/IMG20221106135553_01.jpg 1600w, https:\/\/nspj.wroclaw.pl\/new\/wp-content\/uploads\/2022\/11\/IMG20221106135553_01-300x225.jpg 300w, https:\/\/nspj.wroclaw.pl\/new\/wp-content\/uploads\/2022\/11\/IMG20221106135553_01-1024x768.jpg 1024w, https:\/\/nspj.wroclaw.pl\/new\/wp-content\/uploads\/2022\/11\/IMG20221106135553_01-768x576.jpg 768w, https:\/\/nspj.wroclaw.pl\/new\/wp-content\/uploads\/2022\/11\/IMG20221106135553_01-1536x1152.jpg 1536w, https:\/\/nspj.wroclaw.pl\/new\/wp-content\/uploads\/2022\/11\/IMG20221106135553_01-600x450.jpg 600w, https:\/\/nspj.wroclaw.pl\/new\/wp-content\/uploads\/2022\/11\/IMG20221106135553_01-213x160.jpg 213w, https:\/\/nspj.wroclaw.pl\/new\/wp-content\/uploads\/2022\/11\/IMG20221106135553_01-1440x1080.jpg 1440w\" sizes=\"auto, (max-width: 800px) 100vw, 800px\" \/><\/a><p id=\"caption-attachment-4311\" class=\"wp-caption-text\">Koncert Pie\u015bni Patriotycznych, listopad 2022<\/p><\/div>\n<div id=\"attachment_3080\" style=\"width: 810px\" class=\"wp-caption alignnone\"><a href=\"https:\/\/nspj.wroclaw.pl\/new\/wp-content\/uploads\/2022\/04\/Chor-Wielkanoc-2022_01.jpg\"><img loading=\"lazy\" decoding=\"async\" aria-describedby=\"caption-attachment-3080\" class=\"wp-image-3080\" title=\"Wielkanoc 2022\" src=\"https:\/\/nspj.wroclaw.pl\/new\/wp-content\/uploads\/2022\/04\/Chor-Wielkanoc-2022_01-300x225.jpg\" alt=\"\" width=\"800\" height=\"600\" srcset=\"https:\/\/nspj.wroclaw.pl\/new\/wp-content\/uploads\/2022\/04\/Chor-Wielkanoc-2022_01-300x225.jpg 300w, https:\/\/nspj.wroclaw.pl\/new\/wp-content\/uploads\/2022\/04\/Chor-Wielkanoc-2022_01-1024x768.jpg 1024w, https:\/\/nspj.wroclaw.pl\/new\/wp-content\/uploads\/2022\/04\/Chor-Wielkanoc-2022_01-768x576.jpg 768w, https:\/\/nspj.wroclaw.pl\/new\/wp-content\/uploads\/2022\/04\/Chor-Wielkanoc-2022_01-1536x1152.jpg 1536w, https:\/\/nspj.wroclaw.pl\/new\/wp-content\/uploads\/2022\/04\/Chor-Wielkanoc-2022_01-1440x1080.jpg 1440w, https:\/\/nspj.wroclaw.pl\/new\/wp-content\/uploads\/2022\/04\/Chor-Wielkanoc-2022_01.jpg 2000w\" sizes=\"auto, (max-width: 800px) 100vw, 800px\" \/><\/a><p id=\"caption-attachment-3080\" class=\"wp-caption-text\">Wielkanoc 2022<\/p><\/div>\n<div id=\"attachment_3081\" style=\"width: 810px\" class=\"wp-caption alignnone\"><a href=\"https:\/\/nspj.wroclaw.pl\/new\/wp-content\/uploads\/2022\/04\/Chor-Wielkanoc-2022_02.jpg\"><img loading=\"lazy\" decoding=\"async\" aria-describedby=\"caption-attachment-3081\" class=\"wp-image-3081\" title=\"Wielkanoc 2022\" src=\"https:\/\/nspj.wroclaw.pl\/new\/wp-content\/uploads\/2022\/04\/Chor-Wielkanoc-2022_02-300x225.jpg\" alt=\"\" width=\"800\" height=\"600\" srcset=\"https:\/\/nspj.wroclaw.pl\/new\/wp-content\/uploads\/2022\/04\/Chor-Wielkanoc-2022_02-300x225.jpg 300w, https:\/\/nspj.wroclaw.pl\/new\/wp-content\/uploads\/2022\/04\/Chor-Wielkanoc-2022_02-1024x768.jpg 1024w, https:\/\/nspj.wroclaw.pl\/new\/wp-content\/uploads\/2022\/04\/Chor-Wielkanoc-2022_02-768x576.jpg 768w, https:\/\/nspj.wroclaw.pl\/new\/wp-content\/uploads\/2022\/04\/Chor-Wielkanoc-2022_02-1536x1152.jpg 1536w, https:\/\/nspj.wroclaw.pl\/new\/wp-content\/uploads\/2022\/04\/Chor-Wielkanoc-2022_02-1440x1080.jpg 1440w, https:\/\/nspj.wroclaw.pl\/new\/wp-content\/uploads\/2022\/04\/Chor-Wielkanoc-2022_02.jpg 2000w\" sizes=\"auto, (max-width: 800px) 100vw, 800px\" \/><\/a><p id=\"caption-attachment-3081\" class=\"wp-caption-text\">Wielkanoc 2022<\/p><\/div>\n<div id=\"attachment_2616\" style=\"width: 810px\" class=\"wp-caption alignnone\"><a href=\"https:\/\/nspj.wroclaw.pl\/new\/wp-content\/uploads\/2022\/02\/chor_2022_koledy.jpg\"><img loading=\"lazy\" decoding=\"async\" aria-describedby=\"caption-attachment-2616\" class=\"wp-image-2616\" src=\"https:\/\/nspj.wroclaw.pl\/new\/wp-content\/uploads\/2022\/02\/chor_2022_koledy-1024x683.jpg\" alt=\"\" width=\"800\" height=\"534\" srcset=\"https:\/\/nspj.wroclaw.pl\/new\/wp-content\/uploads\/2022\/02\/chor_2022_koledy-1024x683.jpg 1024w, https:\/\/nspj.wroclaw.pl\/new\/wp-content\/uploads\/2022\/02\/chor_2022_koledy-300x200.jpg 300w, https:\/\/nspj.wroclaw.pl\/new\/wp-content\/uploads\/2022\/02\/chor_2022_koledy-768x513.jpg 768w, https:\/\/nspj.wroclaw.pl\/new\/wp-content\/uploads\/2022\/02\/chor_2022_koledy-272x182.jpg 272w, https:\/\/nspj.wroclaw.pl\/new\/wp-content\/uploads\/2022\/02\/chor_2022_koledy.jpg 1500w\" sizes=\"auto, (max-width: 800px) 100vw, 800px\" \/><\/a><p id=\"caption-attachment-2616\" class=\"wp-caption-text\">Koncert Kol\u0119d, 30.01.2022<\/p><\/div>\n<div id=\"attachment_1910\" style=\"width: 810px\" class=\"wp-caption alignleft\"><a href=\"https:\/\/nspj.wroclaw.pl\/new\/wp-content\/uploads\/2021\/09\/chor2019.jpg\"><img loading=\"lazy\" decoding=\"async\" aria-describedby=\"caption-attachment-1910\" class=\"wp-image-1910\" title=\"11.11.2019\" src=\"https:\/\/nspj.wroclaw.pl\/new\/wp-content\/uploads\/2021\/09\/chor2019.jpg\" alt=\"\" width=\"800\" height=\"450\" srcset=\"https:\/\/nspj.wroclaw.pl\/new\/wp-content\/uploads\/2021\/09\/chor2019.jpg 1400w, https:\/\/nspj.wroclaw.pl\/new\/wp-content\/uploads\/2021\/09\/chor2019-300x169.jpg 300w, https:\/\/nspj.wroclaw.pl\/new\/wp-content\/uploads\/2021\/09\/chor2019-1024x576.jpg 1024w, https:\/\/nspj.wroclaw.pl\/new\/wp-content\/uploads\/2021\/09\/chor2019-768x432.jpg 768w\" sizes=\"auto, (max-width: 800px) 100vw, 800px\" \/><\/a><p id=\"caption-attachment-1910\" class=\"wp-caption-text\">11.11.2019<\/p><\/div>\n<div id=\"attachment_1909\" style=\"width: 810px\" class=\"wp-caption alignleft\"><a href=\"https:\/\/nspj.wroclaw.pl\/new\/wp-content\/uploads\/2021\/09\/chor2018.jpg\"><img loading=\"lazy\" decoding=\"async\" aria-describedby=\"caption-attachment-1909\" class=\"wp-image-1909\" title=\"29.01.2018\" src=\"https:\/\/nspj.wroclaw.pl\/new\/wp-content\/uploads\/2021\/09\/chor2018.jpg\" alt=\"\" width=\"800\" height=\"534\" srcset=\"https:\/\/nspj.wroclaw.pl\/new\/wp-content\/uploads\/2021\/09\/chor2018.jpg 1400w, https:\/\/nspj.wroclaw.pl\/new\/wp-content\/uploads\/2021\/09\/chor2018-300x200.jpg 300w, https:\/\/nspj.wroclaw.pl\/new\/wp-content\/uploads\/2021\/09\/chor2018-1024x684.jpg 1024w, https:\/\/nspj.wroclaw.pl\/new\/wp-content\/uploads\/2021\/09\/chor2018-768x513.jpg 768w, https:\/\/nspj.wroclaw.pl\/new\/wp-content\/uploads\/2021\/09\/chor2018-272x182.jpg 272w\" sizes=\"auto, (max-width: 800px) 100vw, 800px\" \/><\/a><p id=\"caption-attachment-1909\" class=\"wp-caption-text\">29.01.2018<\/p><\/div>\n<p><em><span style=\"color: #000000;\">&nbsp;<\/span><\/em><\/p>\n<div id=\"attachment_1893\" style=\"width: 810px\" class=\"wp-caption alignnone\"><a href=\"https:\/\/nspj.wroclaw.pl\/new\/wp-content\/uploads\/2021\/09\/chor01.jpg\"><img loading=\"lazy\" decoding=\"async\" aria-describedby=\"caption-attachment-1893\" class=\"wp-image-1893\" src=\"https:\/\/nspj.wroclaw.pl\/new\/wp-content\/uploads\/2021\/09\/chor01.jpg\" alt=\"\" width=\"800\" height=\"531\" srcset=\"https:\/\/nspj.wroclaw.pl\/new\/wp-content\/uploads\/2021\/09\/chor01.jpg 1000w, https:\/\/nspj.wroclaw.pl\/new\/wp-content\/uploads\/2021\/09\/chor01-300x199.jpg 300w, https:\/\/nspj.wroclaw.pl\/new\/wp-content\/uploads\/2021\/09\/chor01-768x510.jpg 768w, https:\/\/nspj.wroclaw.pl\/new\/wp-content\/uploads\/2021\/09\/chor01-272x182.jpg 272w\" sizes=\"auto, (max-width: 800px) 100vw, 800px\" \/><\/a><p id=\"caption-attachment-1893\" class=\"wp-caption-text\">Parafia Mi\u0142osierdzia Bo\u017cego w Brzesku 11-09-2015<\/p><\/div>\n<p>&nbsp;<\/p>\n<p style=\"text-align: left;\">&nbsp;<\/p>\n","protected":false},"excerpt":{"rendered":"<p>CH\u00d3R PARAFIALNY LAUDATE DOMINUM Spotkania: Ch\u00f3r standardowo odbywa pr\u00f3by w ko\u015bciele, w poniedzia\u0142ki i \u015brody o godzinie 19.00. &nbsp; G\u0142\u00f3wnym inicjatorem za\u0142o\u017cenia Ch\u00f3ru by\u0142 ksi\u0105dz proboszcz Parafii Naj\u015bwi\u0119tszego Serca Pana Jezusa we Wroc\u0142awiu-Paw\u0142owicach dr Micha\u0142 Macha\u0142. To On rozmawia\u0142 bezpo\u015brednio z przysz\u0142\u0105 dyrygentk\u0105 o pomy\u015ble za\u0142o\u017cenia zespo\u0142u, nak\u0142ania\u0142 do odwagi i akceptowa\u0142 jej wst\u0119pne za\u0142o\u017cenia.&hellip; <br \/> <a class=\"read-more\" href=\"https:\/\/nspj.wroclaw.pl\/new\/grupy-parafialne-2\/chor-parafialny-laudate-dominum\/\">Dowiedz si\u0119 wi\u0119cej<\/a><\/p>\n","protected":false},"author":1,"featured_media":0,"parent":887,"menu_order":0,"comment_status":"closed","ping_status":"closed","template":"","meta":{"ngg_post_thumbnail":0,"footnotes":""},"class_list":["post-1879","page","type-page","status-publish","hentry"],"aioseo_notices":[],"_links":{"self":[{"href":"https:\/\/nspj.wroclaw.pl\/new\/wp-json\/wp\/v2\/pages\/1879","targetHints":{"allow":["GET"]}}],"collection":[{"href":"https:\/\/nspj.wroclaw.pl\/new\/wp-json\/wp\/v2\/pages"}],"about":[{"href":"https:\/\/nspj.wroclaw.pl\/new\/wp-json\/wp\/v2\/types\/page"}],"author":[{"embeddable":true,"href":"https:\/\/nspj.wroclaw.pl\/new\/wp-json\/wp\/v2\/users\/1"}],"replies":[{"embeddable":true,"href":"https:\/\/nspj.wroclaw.pl\/new\/wp-json\/wp\/v2\/comments?post=1879"}],"version-history":[{"count":37,"href":"https:\/\/nspj.wroclaw.pl\/new\/wp-json\/wp\/v2\/pages\/1879\/revisions"}],"predecessor-version":[{"id":1908,"href":"https:\/\/nspj.wroclaw.pl\/new\/wp-json\/wp\/v2\/pages\/1879\/revisions\/1908"}],"up":[{"embeddable":true,"href":"https:\/\/nspj.wroclaw.pl\/new\/wp-json\/wp\/v2\/pages\/887"}],"wp:attachment":[{"href":"https:\/\/nspj.wroclaw.pl\/new\/wp-json\/wp\/v2\/media?parent=1879"}],"curies":[{"name":"wp","href":"https:\/\/api.w.org\/{rel}","templated":true}]}}