{"id":1620,"date":"2021-08-11T22:33:58","date_gmt":"2021-08-11T20:33:58","guid":{"rendered":"http:\/\/nspj.wroclaw.pl\/new\/?page_id=1620"},"modified":"2024-09-14T21:32:29","modified_gmt":"2024-09-14T19:32:29","slug":"informacje-ogolne","status":"publish","type":"page","link":"https:\/\/nspj.wroclaw.pl\/new\/parafia\/informacje-ogolne\/","title":{"rendered":"Informacje og\u00f3lne"},"content":{"rendered":"\t\t<div data-elementor-type=\"wp-page\" data-elementor-id=\"1620\" class=\"elementor elementor-1620\">\n\t\t\t\t\t\t\t\t\t<section class=\"elementor-section elementor-top-section elementor-element elementor-element-d3f960f elementor-section-boxed elementor-section-height-default elementor-section-height-default\" data-id=\"d3f960f\" data-element_type=\"section\">\n\t\t\t\t\t\t<div class=\"elementor-container elementor-column-gap-default\">\n\t\t\t\t\t<div class=\"elementor-column elementor-col-100 elementor-top-column elementor-element elementor-element-1b52873\" data-id=\"1b52873\" data-element_type=\"column\">\n\t\t\t<div class=\"elementor-widget-wrap elementor-element-populated\">\n\t\t\t\t\t\t\t\t<div class=\"elementor-element elementor-element-c1f900b elementor-widget elementor-widget-text-editor\" data-id=\"c1f900b\" data-element_type=\"widget\" data-widget_type=\"text-editor.default\">\n\t\t\t\t<div class=\"elementor-widget-container\">\n\t\t\t<style>\/*! elementor - v3.14.0 - 26-06-2023 *\/\n.elementor-widget-text-editor.elementor-drop-cap-view-stacked .elementor-drop-cap{background-color:#69727d;color:#fff}.elementor-widget-text-editor.elementor-drop-cap-view-framed .elementor-drop-cap{color:#69727d;border:3px solid;background-color:transparent}.elementor-widget-text-editor:not(.elementor-drop-cap-view-default) .elementor-drop-cap{margin-top:8px}.elementor-widget-text-editor:not(.elementor-drop-cap-view-default) .elementor-drop-cap-letter{width:1em;height:1em}.elementor-widget-text-editor .elementor-drop-cap{float:left;text-align:center;line-height:1;font-size:50px}.elementor-widget-text-editor .elementor-drop-cap-letter{display:inline-block}<\/style>\t\t\t\t<table cellspacing=\"0\" cellpadding=\"0\" border=\"0\">\n<tbody>\n<tr>\n<td width=\"180\" valign=\"top\" align=\"right\"><span style=\"color: #000000;\"><b>Liczba mieszka\u0144c\u00f3w<\/b>:<\/span><\/td>\n<td width=\"20\">&nbsp;<\/td>\n<td style=\"text-align: left;\" valign=\"top\"><span style=\"color: #000000;\"><strong>3094<\/strong> ( 2306 na terenie m. Wroc\u0142awia wg danych Wydzia\u0142u Spraw Obywatelskich Dzia\u0142 Ewidencji Ludno\u015bci UM Wroc\u0142awia oraz 602 mieszka\u0144c\u00f3w miejscowo\u015bci Pruszowice i 186 mieszka\u0144c\u00f3w miejscowo\u015bci Ramisz\u00f3w wg danych Urz\u0119du Gminy D\u0142ugo\u0142\u0119ka).&nbsp; Stan na 31.12.2021<\/span><\/td>\n<\/tr>\n<tr>\n<td width=\"180\" valign=\"top\" align=\"right\"><span style=\"color: #000000;\"><b>Ko\u015bci\u00f3\u0142 filialny<\/b>:<\/span><\/td>\n<td width=\"20\">&nbsp;<\/td>\n<td valign=\"top\"><span style=\"color: #3366ff;\"><a style=\"color: #3366ff;\" href=\"https:\/\/nspj.wroclaw.pl\/new\/pruszowice\" target=\"_blank\" rel=\"noopener\">Pruszowice&nbsp;<\/a><\/span><\/td>\n<\/tr>\n<tr>\n<td width=\"180\" valign=\"top\" align=\"right\"><span style=\"color: #000000;\"><b>Kaplica zakonna<\/b>:<\/span><\/td>\n<td width=\"20\">&nbsp;<\/td>\n<td valign=\"top\"><span style=\"color: #000000;\"><a href=\"https:\/\/www.benedyktynki-sakramentki-wroclaw.com\/\" target=\"_blank\" rel=\"noopener\"><span style=\"color: #3366ff;\">Mniszek Benedyktynek od Nieustaj\u0105cej Adoracji Naj\u015bwi\u0119tszego Sakramentu<\/span><\/a><\/span><\/td>\n<\/tr>\n<tr>\n<td width=\"180\" valign=\"top\" align=\"right\"><span style=\"color: #000000;\"><b>Kaplica cmentarna<\/b>:<\/span><\/td>\n<td width=\"20\">&nbsp;<\/td>\n<td valign=\"top\"><span style=\"color: #000000;\">Wroc\u0142aw-Paw\u0142owice<\/span><\/td>\n<\/tr>\n<tr>\n<td width=\"180\" valign=\"top\" align=\"right\"><span style=\"color: #000000;\"><b>Odpust<\/b>:<\/span><\/td>\n<td width=\"20\">&nbsp;<\/td>\n<td valign=\"top\"><span style=\"color: #000000;\">Uroczysto\u015b\u0107 Naj\u015bwi\u0119tszego Serca Pana Jezusa<\/span><\/td>\n<\/tr>\n<tr>\n<td width=\"180\" valign=\"top\" align=\"right\"><span style=\"color: #000000;\"><b>Nabo\u017ce\u0144stwo 40-godzinne<\/b>:<\/span><\/td>\n<td width=\"20\">&nbsp;<\/td>\n<td valign=\"top\"><span style=\"color: #000000;\">przed \u015arod\u0105 Popielcow\u0105<\/span><\/td>\n<\/tr>\n<tr>\n<td width=\"180\" valign=\"top\" align=\"right\"><span style=\"color: #000000;\"><b>Wieczysta Adoracja<\/b>:<\/span><\/td>\n<td width=\"20\">&nbsp;<\/td>\n<td valign=\"top\"><span style=\"color: #000000;\">26 listopada, 17 lipca<\/span><\/td>\n<\/tr>\n<\/tbody>\n<\/table>\n<table cellspacing=\"0\" cellpadding=\"0\" border=\"0\">\n<tbody>\n<tr>\n<td width=\"180\" valign=\"top\" align=\"right\"><span style=\"color: #000000;\"><b>Przedszkole<\/b>:<\/span><\/td>\n<td width=\"20\">&nbsp;<\/td>\n<td valign=\"top\"><span style=\"color: #000000;\">Przedszkole Akademia Przygody, ul. Bratkowa 12; Przedszkole Klub Kubusia Puchatka VII, Ramisz\u00f3w 11<\/span><\/td>\n<\/tr>\n<tr>\n<td width=\"180\" valign=\"top\" align=\"right\"><span style=\"color: #000000;\"><b>Zesp\u00f3\u0142 Szk\u00f3\u0142<\/b>:<\/span><\/td>\n<td width=\"20\">&nbsp;<\/td>\n<td valign=\"top\"><span style=\"color: #000000;\">Zesp\u00f3\u0142 Szkolno-Przedszkolny nr 23, ul. Przedwio\u015bnie 47<\/span><\/td>\n<\/tr>\n<tr>\n<td width=\"180\" valign=\"top\" align=\"right\"><span style=\"color: #000000;\"><b>Cmentarz<\/b>:<\/span><\/td>\n<td width=\"20\">&nbsp;<\/td>\n<td valign=\"top\"><span style=\"color: #000000;\">Wroc\u0142aw-Paw\u0142owice (kom., zamk.)<\/span><\/td>\n<\/tr>\n<tr>\n<td width=\"180\" valign=\"top\" align=\"right\"><span style=\"color: #000000;\"><b>Erygowanie Parafii<\/b>:<\/span><\/td>\n<td width=\"20\">&nbsp;<\/td>\n<td valign=\"top\"><span style=\"color: #000000;\">1965 r.<\/span><\/td>\n<\/tr>\n<tr>\n<td width=\"180\" valign=\"top\" align=\"right\"><span style=\"color: #000000;\"><b>Ksi\u0119gi metrykalne<\/b>:<\/span><\/td>\n<td width=\"20\">&nbsp;<\/td>\n<td valign=\"top\"><span style=\"color: #000000;\">od 1965 r.<\/span><\/td>\n<\/tr>\n<\/tbody>\n<\/table>\n<table cellspacing=\"0\" cellpadding=\"0\" border=\"0\">\n<tbody>\n<tr>\n<td width=\"180\" valign=\"top\" align=\"right\"><span style=\"color: #000000;\"><b>Zgromadzenia i zakony<\/b>:<\/span><\/td>\n<td width=\"20\">&nbsp;<\/td>\n<td valign=\"top\"><span style=\"color: #000000;\">Siostry Benedyktynki od Nieustaj\u0105cej Adoracji Naj\u015bwi\u0119tszego Sakramentu<\/span><br><span style=\"color: #000000;\">51-211 Wroc\u0142aw<\/span><br><span style=\"color: #000000;\">ul. Przedwio\u015bnie 76\/78<br><a href=\"https:\/\/www.benedyktynki-sakramentki-wroclaw.com\/\" target=\"_blank\">https:\/\/www.benedyktynki-sakramentki-wroclaw.com<\/a><br><br><\/span><\/td>\n<\/tr>\n<\/tbody>\n<\/table>\t\t\t\t\t\t<\/div>\n\t\t\t\t<\/div>\n\t\t\t\t\t<\/div>\n\t\t<\/div>\n\t\t\t\t\t\t\t<\/div>\n\t\t<\/section>\n\t\t\t\t<section class=\"elementor-section elementor-top-section elementor-element elementor-element-602f4d5 elementor-section-boxed elementor-section-height-default elementor-section-height-default\" data-id=\"602f4d5\" data-element_type=\"section\">\n\t\t\t\t\t\t<div class=\"elementor-container elementor-column-gap-default\">\n\t\t\t\t\t<div class=\"elementor-column elementor-col-100 elementor-top-column elementor-element elementor-element-ce670b1\" data-id=\"ce670b1\" data-element_type=\"column\">\n\t\t\t<div class=\"elementor-widget-wrap elementor-element-populated\">\n\t\t\t\t\t\t\t\t<div class=\"elementor-element elementor-element-e55bde4 elementor-widget elementor-widget-text-editor\" data-id=\"e55bde4\" data-element_type=\"widget\" data-widget_type=\"text-editor.default\">\n\t\t\t\t<div class=\"elementor-widget-container\">\n\t\t\t\t\t\t\t<h4><strong><span style=\"color: #000000;\">Granice parafialne<br \/><\/span><\/strong><\/h4><p><strong><span style=\"color: #000000;\">Wykaz ulic:<\/span><\/strong><br \/><span style=\"color: #000000;\">Astrowa, Azaliowa, Barwinkowa, Bratkowa, Daliowa, Forsycjowa, Frezjowa, Groszkowa, Hiacyntowa, Ja\u015bminowa, Jeziorowa, Konwaliowa, Krokusowa, Liliowa, Macierzankowa, Malwowa, Mieczykowa, Mirtowa, Nagietkowa, Paw\u0142owicka, Przebi\u015bniegowa, Przedwio\u015bnie, Przylaszczkowa, Ruciana, Sasankowa, Starod\u0119bowa, Stokrotkowa, Szafranowa, Szarotkowa, Widawska, Zawilcowa, Z\u0142ocieniowa<\/span><\/p><p><strong><span style=\"color: #000000;\">Miejscowo\u015bci:<\/span><\/strong><br \/><span style=\"color: #000000;\">Pruszowice (5 km), Ramisz\u00f3w od nr 60 (1,5 km)<\/span><\/p><p>\u00a0<\/p><p><iframe loading=\"lazy\" style=\"border: 0;\" src=\"https:\/\/www.google.com\/maps\/embed?pb=!1m18!1m12!1m3!1d20014.193299065533!2d17.083772287439878!3d51.16795280300468!2m3!1f0!2f0!3f0!3m2!1i1024!2i768!4f13.1!3m3!1m2!1s0x470fe8de50f62fcd%3A0x5faa6620bb03f21c!2zUGF3xYJvd2ljZSwgV3JvY8WCYXc!5e0!3m2!1spl!2spl!4v1630873486152!5m2!1spl!2spl\" width=\"400\" height=\"250\" allowfullscreen=\"allowfullscreen\"><\/iframe><\/p><p>\u00a0<\/p>\t\t\t\t\t\t<\/div>\n\t\t\t\t<\/div>\n\t\t\t\t\t<\/div>\n\t\t<\/div>\n\t\t\t\t\t\t\t<\/div>\n\t\t<\/section>\n\t\t\t\t\t\t\t<\/div>\n\t\t","protected":false},"excerpt":{"rendered":"<p>Liczba mieszka\u0144c\u00f3w: &nbsp; 3094 ( 2306 na terenie m. Wroc\u0142awia wg danych Wydzia\u0142u Spraw Obywatelskich Dzia\u0142 Ewidencji Ludno\u015bci UM Wroc\u0142awia oraz 602 mieszka\u0144c\u00f3w miejscowo\u015bci Pruszowice i 186 mieszka\u0144c\u00f3w miejscowo\u015bci Ramisz\u00f3w wg danych Urz\u0119du Gminy D\u0142ugo\u0142\u0119ka).&nbsp; Stan na 31.12.2021 Ko\u015bci\u00f3\u0142 filialny: &nbsp; Pruszowice&nbsp; Kaplica zakonna: &nbsp; Mniszek Benedyktynek od Nieustaj\u0105cej Adoracji Naj\u015bwi\u0119tszego Sakramentu Kaplica cmentarna: &nbsp;&hellip; <br \/> <a class=\"read-more\" href=\"https:\/\/nspj.wroclaw.pl\/new\/parafia\/informacje-ogolne\/\">Dowiedz si\u0119 wi\u0119cej<\/a><\/p>\n","protected":false},"author":1,"featured_media":0,"parent":635,"menu_order":0,"comment_status":"closed","ping_status":"closed","template":"","meta":{"ngg_post_thumbnail":0,"footnotes":""},"class_list":["post-1620","page","type-page","status-publish","hentry"],"aioseo_notices":[],"_links":{"self":[{"href":"https:\/\/nspj.wroclaw.pl\/new\/wp-json\/wp\/v2\/pages\/1620","targetHints":{"allow":["GET"]}}],"collection":[{"href":"https:\/\/nspj.wroclaw.pl\/new\/wp-json\/wp\/v2\/pages"}],"about":[{"href":"https:\/\/nspj.wroclaw.pl\/new\/wp-json\/wp\/v2\/types\/page"}],"author":[{"embeddable":true,"href":"https:\/\/nspj.wroclaw.pl\/new\/wp-json\/wp\/v2\/users\/1"}],"replies":[{"embeddable":true,"href":"https:\/\/nspj.wroclaw.pl\/new\/wp-json\/wp\/v2\/comments?post=1620"}],"version-history":[{"count":44,"href":"https:\/\/nspj.wroclaw.pl\/new\/wp-json\/wp\/v2\/pages\/1620\/revisions"}],"predecessor-version":[{"id":8385,"href":"https:\/\/nspj.wroclaw.pl\/new\/wp-json\/wp\/v2\/pages\/1620\/revisions\/8385"}],"up":[{"embeddable":true,"href":"https:\/\/nspj.wroclaw.pl\/new\/wp-json\/wp\/v2\/pages\/635"}],"wp:attachment":[{"href":"https:\/\/nspj.wroclaw.pl\/new\/wp-json\/wp\/v2\/media?parent=1620"}],"curies":[{"name":"wp","href":"https:\/\/api.w.org\/{rel}","templated":true}]}}